{"id":608,"date":"2018-04-07T12:50:29","date_gmt":"2018-04-07T12:50:29","guid":{"rendered":"http:\/\/radzynskirocznik.pl\/?page_id=608"},"modified":"2020-03-22T09:45:01","modified_gmt":"2020-03-22T09:45:01","slug":"tom-5-2007","status":"publish","type":"page","link":"https:\/\/radzynskirocznik.pl\/?page_id=608","title":{"rendered":"TOM 5, 2007"},"content":{"rendered":"<p style=\"text-align: center;\"><strong><br \/>\n<img loading=\"lazy\" decoding=\"async\" class=\"size-medium wp-image-143 alignright\" src=\"http:\/\/radzynskirocznik.pl\/wp-content\/uploads\/2017\/02\/rrh_05-208x300.jpg\" alt=\"\" width=\"208\" height=\"300\" srcset=\"https:\/\/radzynskirocznik.pl\/wp-content\/uploads\/2017\/02\/rrh_05-208x300.jpg 208w, https:\/\/radzynskirocznik.pl\/wp-content\/uploads\/2017\/02\/rrh_05-768x1105.jpg 768w, https:\/\/radzynskirocznik.pl\/wp-content\/uploads\/2017\/02\/rrh_05-711x1024.jpg 711w\" sizes=\"auto, (max-width: 208px) 100vw, 208px\" \/><\/strong><\/p>\n<p style=\"text-align: left;\"><a href=\"http:\/\/radzynskirocznik.pl\/?sdm_downloads=tarnowscy-w-labuniach\">AGNIESZKA SZYKU\u0141A,\u00a0Tarnowscy w \u0141abuniach<\/a><\/p>\n<p style=\"text-align: left;\"><a href=\"http:\/\/radzynskirocznik.pl\/?sdm_downloads=parafia-muzulmanska-w-studziance-zarys-dziejow-1679-1915\">\u0141UKASZ R. W\u0118DA,\u00a0Parafia muzu\u0142ma\u0144ska w Studziance zarys dziej\u00f3w (1679-1915)<\/a><\/p>\n<p style=\"text-align: left;\"><a href=\"http:\/\/radzynskirocznik.pl\/?sdm_downloads=rozwoj-demograficzny-krasnegostawu-i-powiatu-krasnostawskiego-w-drugiej-polowie-xix-wieku-do-pierwszej-wojny-swiatowej\">JACEK KULBAKA,\u00a0Rozw\u00f3j demograficzny Krasnegostawu i powiatu krasnostawskiego w drugiej po\u0142owie XIX wieku (do pierwszej wojny \u015bwiatowej) <\/a><\/p>\n<p style=\"text-align: left;\"><a href=\"http:\/\/radzynskirocznik.pl\/?sdm_downloads=polityka-ekonomiczna-niemieckich-wladz-okupacyjnych-w-czasie-pierwszej-wojny-swiatowej-i-strategie-przetrwania-mieszkancow-poludniowego-podlasia\">BOGUS\u0141AW KORZENIEWSKI,\u00a0Polityka ekonomiczna niemieckich w\u0142adz okupacyjnych w czasie pierwszej wojny \u015bwiatowej i strategie przetrwania mieszka\u0144c\u00f3w po\u0142udniowego Podlasia\u00a0<\/a><\/p>\n<p style=\"text-align: left;\"><a href=\"http:\/\/radzynskirocznik.pl\/?sdm_downloads=ryki-w-okresie-pierwszej-wojny-swiatowej-szkic-do-zagadnienia\">KRYSTIAN PIELACHA,\u00a0Ryki w okresie pierwszej wojny \u015bwiatowej szkic do zagadnienia\u00a0<\/a><\/p>\n<p style=\"text-align: left;\"><a href=\"http:\/\/radzynskirocznik.pl\/?sdm_downloads=syjonisci-w-miedzywojennym-tomaszowie-lubelskim\">GRZEGORZ JONIEC,\u00a0Syjoni\u015bci w mi\u0119dzywojennym Tomaszowie Lubelskim<\/a><\/p>\n<p style=\"text-align: left;\"><a href=\"http:\/\/radzynskirocznik.pl\/?sdm_downloads=ukraincy-podlascy-w-przededniu-i-poczatkach-drugiej-wojny-swiatowej\">AGNIESZKA KOLASA,\u00a0Ukrai\u0144cy podlascy w przededniu i pocz\u0105tkach drugiej wojny \u015bwiatowej<\/a><\/p>\n<p style=\"text-align: left;\"><a href=\"http:\/\/radzynskirocznik.pl\/?sdm_downloads=kosciol-rzymsko-katolicki-obrzadku-bizantyjsko-slowianskiego-kosciol-neounicki-na-poludniowo-wschodnim-podlasiu-w-latach-1924-1947\">ANDRZEJ T\u0141OMACKI,\u00a0Ko\u015bci\u00f3\u0142 rzymsko-katolicki obrz\u0105dku bizantyjsko-s\u0142owia\u0144skiego (Ko\u015bci\u00f3\u0142 neounicki) na po\u0142udniowo-wschodnim Podlasiu w latach 1924-1947<\/a><\/p>\n<p style=\"text-align: left;\"><a href=\"http:\/\/radzynskirocznik.pl\/?sdm_downloads=obraz-i-struktura-powiatowego-urzedu-bezpieczenstwa-publicznego-w-siedlcach-sierpien-1944-czerwiec-1945\">WIES\u0141AW CHARCZUK,\u00a0Obraz i struktura Powiatowego Urz\u0119du Bezpiecze\u0144stwa Publicznego w Siedlcach (sierpie\u0144 1944 czerwiec 1945)<\/a><\/p>\n<p style=\"text-align: left;\"><a href=\"http:\/\/radzynskirocznik.pl\/?sdm_downloads=z-dziejow-okupacji-ziemi-tomaszowskiej-przez-armie-czerwona-oraz-terroru-ub-nkwd\">WALDEMAR W. BEDNARSKI,\u00a0Z dziej\u00f3w okupacji Ziemi Tomaszowskiej przez Armi\u0119 Czerwon\u0105 oraz terroru UB-NKWD<\/a><\/p>\n<p style=\"text-align: left;\"><a href=\"http:\/\/radzynskirocznik.pl\/?sdm_downloads=powszechna-organizacja-sluzba-polsce-w-lubelskiem-1948-1955\">MARIUSZ D. BEDNARSKI,\u00a0Powszechna Organizacja \u201eS\u0142u\u017cba Polsce\u201d w Lubelskiem (1948-1955)<\/a><\/p>\n<p style=\"text-align: left;\"><a href=\"http:\/\/radzynskirocznik.pl\/?sdm_downloads=kolo-naukowe-historykow-studentow-umcs-w-lublinie-1953-2001-dzialalnosc-studenckiej-organizacji-naukowej-na-tle-przemian-spolecznych-i-ustrojowych-w-polsce\">MICHA\u0141 W\u00d3JCIUK,\u00a0Ko\u0142o Naukowe Historyk\u00f3w Student\u00f3w UMCS w Lublinie (1953-2001). Dzia\u0142alno\u015b\u0107 studenckiej organizacji naukowej na tle przemian spo\u0142ecznych i ustrojowych w Polsce<\/a><\/p>\n<p style=\"text-align: left;\"><a href=\"http:\/\/radzynskirocznik.pl\/?sdm_downloads=o-wyznacznikach-spojnosci-w-korespondencji-cypriana-kamila-norwida\">ANNA CIO\u0141EK,\u00a0O wyznacznikach sp\u00f3jno\u015bci w korespondencji Cypriana Kamila Norwida<\/a><\/p>\n<p style=\"text-align: left;\"><a href=\"http:\/\/radzynskirocznik.pl\/?sdm_downloads=ekologizm-a-globalizacja\">JACEK LEJMAN,\u00a0Ekologizm a globalizacja<\/a><\/p>\n<p style=\"text-align: left;\"><a href=\"http:\/\/radzynskirocznik.pl\/?sdm_downloads=archiwum-klasztoru-oo-paulinow-we-wlodawie\">PIOTR CZY\u017b,\u00a0Archiwum Klasztoru oo. Paulin\u00f3w we W\u0142odawie<\/a><\/p>\n<p style=\"text-align: left;\"><a href=\"http:\/\/radzynskirocznik.pl\/?sdm_downloads=zyciorys-funkcjonariusza-ub-waleriana-ciechaniewicza\">GRZEGORZ JONIEC,\u00a0\u017byciorys funkcjonariusza UB Waleriana Ciechaniewicza<\/a><\/p>\n","protected":false},"excerpt":{"rendered":"<p>AGNIESZKA SZYKU\u0141A,\u00a0Tarnowscy w \u0141abuniach \u0141UKASZ R. W\u0118DA,\u00a0Parafia muzu\u0142ma\u0144ska w Studziance zarys dziej\u00f3w (1679-1915) JACEK KULBAKA,\u00a0Rozw\u00f3j demograficzny Krasnegostawu i powiatu krasnostawskiego w drugiej po\u0142owie XIX wieku (do pierwszej wojny \u015bwiatowej) BOGUS\u0141AW KORZENIEWSKI,\u00a0Polityka ekonomiczna niemieckich w\u0142adz okupacyjnych w czasie pierwszej wojny \u015bwiatowej i strategie przetrwania mieszka\u0144c\u00f3w po\u0142udniowego Podlasia\u00a0 KRYSTIAN PIELACHA,\u00a0Ryki w okresie pierwszej wojny \u015bwiatowej szkic do [&hellip;]<\/p>\n","protected":false},"author":3,"featured_media":0,"parent":0,"menu_order":0,"comment_status":"closed","ping_status":"closed","template":"","meta":{"footnotes":""},"class_list":["post-608","page","type-page","status-publish","hentry"],"yoast_head":"<!-- This site is optimized with the Yoast SEO plugin v26.6 - https:\/\/yoast.com\/wordpress\/plugins\/seo\/ -->\n<title>TOM 5, 2007 - Radzy\u0144ski Rocznik Humanistyczny<\/title>\n<meta name=\"robots\" content=\"index, follow, max-snippet:-1, max-image-preview:large, max-video-preview:-1\" \/>\n<link rel=\"canonical\" href=\"https:\/\/radzynskirocznik.pl\/?page_id=608\" \/>\n<meta property=\"og:locale\" content=\"pl_PL\" \/>\n<meta property=\"og:type\" content=\"article\" \/>\n<meta property=\"og:title\" content=\"TOM 5, 2007 - Radzy\u0144ski Rocznik Humanistyczny\" \/>\n<meta property=\"og:description\" content=\"AGNIESZKA SZYKU\u0141A,\u00a0Tarnowscy w \u0141abuniach \u0141UKASZ R. W\u0118DA,\u00a0Parafia muzu\u0142ma\u0144ska w Studziance zarys dziej\u00f3w (1679-1915) JACEK KULBAKA,\u00a0Rozw\u00f3j demograficzny Krasnegostawu i powiatu krasnostawskiego w drugiej po\u0142owie XIX wieku (do pierwszej wojny \u015bwiatowej) BOGUS\u0141AW KORZENIEWSKI,\u00a0Polityka ekonomiczna niemieckich w\u0142adz okupacyjnych w czasie pierwszej wojny \u015bwiatowej i strategie przetrwania mieszka\u0144c\u00f3w po\u0142udniowego Podlasia\u00a0 KRYSTIAN PIELACHA,\u00a0Ryki w okresie pierwszej wojny \u015bwiatowej szkic do [&hellip;]\" \/>\n<meta property=\"og:url\" content=\"https:\/\/radzynskirocznik.pl\/?page_id=608\" \/>\n<meta property=\"og:site_name\" content=\"Radzy\u0144ski Rocznik Humanistyczny\" \/>\n<meta property=\"article:publisher\" content=\"https:\/\/www.facebook.com\/inbrosz\" \/>\n<meta property=\"article:modified_time\" content=\"2020-03-22T09:45:01+00:00\" \/>\n<meta property=\"og:image\" content=\"http:\/\/radzynskirocznik.pl\/wp-content\/uploads\/2017\/02\/rrh_05-208x300.jpg\" \/>\n<meta name=\"twitter:card\" content=\"summary_large_image\" \/>\n<meta name=\"twitter:label1\" content=\"Szacowany czas czytania\" \/>\n\t<meta name=\"twitter:data1\" content=\"1 minuta\" \/>\n<script type=\"application\/ld+json\" class=\"yoast-schema-graph\">{\"@context\":\"https:\/\/schema.org\",\"@graph\":[{\"@type\":\"WebPage\",\"@id\":\"https:\/\/radzynskirocznik.pl\/?page_id=608\",\"url\":\"https:\/\/radzynskirocznik.pl\/?page_id=608\",\"name\":\"TOM 5, 2007 - Radzy\u0144ski Rocznik Humanistyczny\",\"isPartOf\":{\"@id\":\"https:\/\/radzynskirocznik.pl\/#website\"},\"primaryImageOfPage\":{\"@id\":\"https:\/\/radzynskirocznik.pl\/?page_id=608#primaryimage\"},\"image\":{\"@id\":\"https:\/\/radzynskirocznik.pl\/?page_id=608#primaryimage\"},\"thumbnailUrl\":\"http:\/\/radzynskirocznik.pl\/wp-content\/uploads\/2017\/02\/rrh_05-208x300.jpg\",\"datePublished\":\"2018-04-07T12:50:29+00:00\",\"dateModified\":\"2020-03-22T09:45:01+00:00\",\"breadcrumb\":{\"@id\":\"https:\/\/radzynskirocznik.pl\/?page_id=608#breadcrumb\"},\"inLanguage\":\"pl-PL\",\"potentialAction\":[{\"@type\":\"ReadAction\",\"target\":[\"https:\/\/radzynskirocznik.pl\/?page_id=608\"]}]},{\"@type\":\"ImageObject\",\"inLanguage\":\"pl-PL\",\"@id\":\"https:\/\/radzynskirocznik.pl\/?page_id=608#primaryimage\",\"url\":\"https:\/\/radzynskirocznik.pl\/wp-content\/uploads\/2017\/02\/rrh_05.jpg\",\"contentUrl\":\"https:\/\/radzynskirocznik.pl\/wp-content\/uploads\/2017\/02\/rrh_05.jpg\",\"width\":2187,\"height\":3148},{\"@type\":\"BreadcrumbList\",\"@id\":\"https:\/\/radzynskirocznik.pl\/?page_id=608#breadcrumb\",\"itemListElement\":[{\"@type\":\"ListItem\",\"position\":1,\"name\":\"Strona g\u0142\u00f3wna\",\"item\":\"https:\/\/radzynskirocznik.pl\/?lang=en\"},{\"@type\":\"ListItem\",\"position\":2,\"name\":\"TOM 5, 2007\"}]},{\"@type\":\"WebSite\",\"@id\":\"https:\/\/radzynskirocznik.pl\/#website\",\"url\":\"https:\/\/radzynskirocznik.pl\/\",\"name\":\"Radzy\u0144ski Rocznik Humanistyczny\",\"description\":\"\",\"publisher\":{\"@id\":\"https:\/\/radzynskirocznik.pl\/#organization\"},\"potentialAction\":[{\"@type\":\"SearchAction\",\"target\":{\"@type\":\"EntryPoint\",\"urlTemplate\":\"https:\/\/radzynskirocznik.pl\/?s={search_term_string}\"},\"query-input\":{\"@type\":\"PropertyValueSpecification\",\"valueRequired\":true,\"valueName\":\"search_term_string\"}}],\"inLanguage\":\"pl-PL\"},{\"@type\":\"Organization\",\"@id\":\"https:\/\/radzynskirocznik.pl\/#organization\",\"name\":\"Instytut Bronis\u0142awa Szlubowskiego\",\"url\":\"https:\/\/radzynskirocznik.pl\/\",\"logo\":{\"@type\":\"ImageObject\",\"inLanguage\":\"pl-PL\",\"@id\":\"https:\/\/radzynskirocznik.pl\/#\/schema\/logo\/image\/\",\"url\":\"http:\/\/radzynskirocznik.pl\/wp-content\/uploads\/2020\/12\/logo-pion.jpg\",\"contentUrl\":\"http:\/\/radzynskirocznik.pl\/wp-content\/uploads\/2020\/12\/logo-pion.jpg\",\"width\":1393,\"height\":727,\"caption\":\"Instytut Bronis\u0142awa Szlubowskiego\"},\"image\":{\"@id\":\"https:\/\/radzynskirocznik.pl\/#\/schema\/logo\/image\/\"},\"sameAs\":[\"https:\/\/www.facebook.com\/inbrosz\"]}]}<\/script>\n<!-- \/ Yoast SEO plugin. -->","yoast_head_json":{"title":"TOM 5, 2007 - Radzy\u0144ski Rocznik Humanistyczny","robots":{"index":"index","follow":"follow","max-snippet":"max-snippet:-1","max-image-preview":"max-image-preview:large","max-video-preview":"max-video-preview:-1"},"canonical":"https:\/\/radzynskirocznik.pl\/?page_id=608","og_locale":"pl_PL","og_type":"article","og_title":"TOM 5, 2007 - Radzy\u0144ski Rocznik Humanistyczny","og_description":"AGNIESZKA SZYKU\u0141A,\u00a0Tarnowscy w \u0141abuniach \u0141UKASZ R. W\u0118DA,\u00a0Parafia muzu\u0142ma\u0144ska w Studziance zarys dziej\u00f3w (1679-1915) JACEK KULBAKA,\u00a0Rozw\u00f3j demograficzny Krasnegostawu i powiatu krasnostawskiego w drugiej po\u0142owie XIX wieku (do pierwszej wojny \u015bwiatowej) BOGUS\u0141AW KORZENIEWSKI,\u00a0Polityka ekonomiczna niemieckich w\u0142adz okupacyjnych w czasie pierwszej wojny \u015bwiatowej i strategie przetrwania mieszka\u0144c\u00f3w po\u0142udniowego Podlasia\u00a0 KRYSTIAN PIELACHA,\u00a0Ryki w okresie pierwszej wojny \u015bwiatowej szkic do [&hellip;]","og_url":"https:\/\/radzynskirocznik.pl\/?page_id=608","og_site_name":"Radzy\u0144ski Rocznik Humanistyczny","article_publisher":"https:\/\/www.facebook.com\/inbrosz","article_modified_time":"2020-03-22T09:45:01+00:00","og_image":[{"url":"http:\/\/radzynskirocznik.pl\/wp-content\/uploads\/2017\/02\/rrh_05-208x300.jpg","type":"","width":"","height":""}],"twitter_card":"summary_large_image","twitter_misc":{"Szacowany czas czytania":"1 minuta"},"schema":{"@context":"https:\/\/schema.org","@graph":[{"@type":"WebPage","@id":"https:\/\/radzynskirocznik.pl\/?page_id=608","url":"https:\/\/radzynskirocznik.pl\/?page_id=608","name":"TOM 5, 2007 - Radzy\u0144ski Rocznik Humanistyczny","isPartOf":{"@id":"https:\/\/radzynskirocznik.pl\/#website"},"primaryImageOfPage":{"@id":"https:\/\/radzynskirocznik.pl\/?page_id=608#primaryimage"},"image":{"@id":"https:\/\/radzynskirocznik.pl\/?page_id=608#primaryimage"},"thumbnailUrl":"http:\/\/radzynskirocznik.pl\/wp-content\/uploads\/2017\/02\/rrh_05-208x300.jpg","datePublished":"2018-04-07T12:50:29+00:00","dateModified":"2020-03-22T09:45:01+00:00","breadcrumb":{"@id":"https:\/\/radzynskirocznik.pl\/?page_id=608#breadcrumb"},"inLanguage":"pl-PL","potentialAction":[{"@type":"ReadAction","target":["https:\/\/radzynskirocznik.pl\/?page_id=608"]}]},{"@type":"ImageObject","inLanguage":"pl-PL","@id":"https:\/\/radzynskirocznik.pl\/?page_id=608#primaryimage","url":"https:\/\/radzynskirocznik.pl\/wp-content\/uploads\/2017\/02\/rrh_05.jpg","contentUrl":"https:\/\/radzynskirocznik.pl\/wp-content\/uploads\/2017\/02\/rrh_05.jpg","width":2187,"height":3148},{"@type":"BreadcrumbList","@id":"https:\/\/radzynskirocznik.pl\/?page_id=608#breadcrumb","itemListElement":[{"@type":"ListItem","position":1,"name":"Strona g\u0142\u00f3wna","item":"https:\/\/radzynskirocznik.pl\/?lang=en"},{"@type":"ListItem","position":2,"name":"TOM 5, 2007"}]},{"@type":"WebSite","@id":"https:\/\/radzynskirocznik.pl\/#website","url":"https:\/\/radzynskirocznik.pl\/","name":"Radzy\u0144ski Rocznik Humanistyczny","description":"","publisher":{"@id":"https:\/\/radzynskirocznik.pl\/#organization"},"potentialAction":[{"@type":"SearchAction","target":{"@type":"EntryPoint","urlTemplate":"https:\/\/radzynskirocznik.pl\/?s={search_term_string}"},"query-input":{"@type":"PropertyValueSpecification","valueRequired":true,"valueName":"search_term_string"}}],"inLanguage":"pl-PL"},{"@type":"Organization","@id":"https:\/\/radzynskirocznik.pl\/#organization","name":"Instytut Bronis\u0142awa Szlubowskiego","url":"https:\/\/radzynskirocznik.pl\/","logo":{"@type":"ImageObject","inLanguage":"pl-PL","@id":"https:\/\/radzynskirocznik.pl\/#\/schema\/logo\/image\/","url":"http:\/\/radzynskirocznik.pl\/wp-content\/uploads\/2020\/12\/logo-pion.jpg","contentUrl":"http:\/\/radzynskirocznik.pl\/wp-content\/uploads\/2020\/12\/logo-pion.jpg","width":1393,"height":727,"caption":"Instytut Bronis\u0142awa Szlubowskiego"},"image":{"@id":"https:\/\/radzynskirocznik.pl\/#\/schema\/logo\/image\/"},"sameAs":["https:\/\/www.facebook.com\/inbrosz"]}]}},"_links":{"self":[{"href":"https:\/\/radzynskirocznik.pl\/index.php?rest_route=\/wp\/v2\/pages\/608","targetHints":{"allow":["GET"]}}],"collection":[{"href":"https:\/\/radzynskirocznik.pl\/index.php?rest_route=\/wp\/v2\/pages"}],"about":[{"href":"https:\/\/radzynskirocznik.pl\/index.php?rest_route=\/wp\/v2\/types\/page"}],"author":[{"embeddable":true,"href":"https:\/\/radzynskirocznik.pl\/index.php?rest_route=\/wp\/v2\/users\/3"}],"replies":[{"embeddable":true,"href":"https:\/\/radzynskirocznik.pl\/index.php?rest_route=%2Fwp%2Fv2%2Fcomments&post=608"}],"version-history":[{"count":17,"href":"https:\/\/radzynskirocznik.pl\/index.php?rest_route=\/wp\/v2\/pages\/608\/revisions"}],"predecessor-version":[{"id":1713,"href":"https:\/\/radzynskirocznik.pl\/index.php?rest_route=\/wp\/v2\/pages\/608\/revisions\/1713"}],"wp:attachment":[{"href":"https:\/\/radzynskirocznik.pl\/index.php?rest_route=%2Fwp%2Fv2%2Fmedia&parent=608"}],"curies":[{"name":"wp","href":"https:\/\/api.w.org\/{rel}","templated":true}]}}