{"id":592,"date":"2018-04-07T12:26:32","date_gmt":"2018-04-07T12:26:32","guid":{"rendered":"http:\/\/radzynskirocznik.pl\/?page_id=592"},"modified":"2020-03-22T12:35:50","modified_gmt":"2020-03-22T12:35:50","slug":"tom-132015","status":"publish","type":"page","link":"https:\/\/radzynskirocznik.pl\/?page_id=592","title":{"rendered":"TOM 13,2015"},"content":{"rendered":"<p style=\"text-align: center;\"><strong><br \/>\n<img loading=\"lazy\" decoding=\"async\" class=\"size-medium wp-image-112 alignright\" src=\"http:\/\/radzynskirocznik.pl\/wp-content\/uploads\/2017\/02\/rrh-2015-211x300.jpg\" alt=\"\" width=\"211\" height=\"300\" srcset=\"https:\/\/radzynskirocznik.pl\/wp-content\/uploads\/2017\/02\/rrh-2015-211x300.jpg 211w, https:\/\/radzynskirocznik.pl\/wp-content\/uploads\/2017\/02\/rrh-2015.jpg 473w\" sizes=\"auto, (max-width: 211px) 100vw, 211px\" \/><\/strong><\/p>\n<p><a href=\"http:\/\/radzynskirocznik.pl\/?sdm_downloads=wisniew-jako-siedziba-gminy-w-latach-1658-2013-proba-zarysu\">WIES\u0141AW CHARCZUK, Wi\u015bniew jako siedziba gminy w latach 1658-2013. Pr\u00f3ba zarysu<\/a><\/p>\n<p><a href=\"http:\/\/radzynskirocznik.pl\/?sdm_downloads=parafia-unicka-p-w-sw-jerzego-meczennika-w-steniatynie-w-swietle-osiemnastowiecznych-wizytacji-koscielnych\">JANUSZ FRYKOWSKI, Parafia unicka p.w. \u015aw. Jerzego M\u0119czennika w Steniatynie w \u015bwietle osiemnastowiecznych wizytacji ko\u015bcielny<\/a>ch<\/p>\n<p><a href=\"http:\/\/radzynskirocznik.pl\/?sdm_downloads=legalne-organizacje-spoleczne-w-powiecie-radzynskim-do-1914-roku\">WOJCIECH JAWORSKI, Legalne organizacje spo\u0142eczne w powiecie radzy\u0144skim do 1914 roku<\/a><\/p>\n<p><a href=\"http:\/\/radzynskirocznik.pl\/?sdm_downloads=przestrzen-prowincjonalno-muzealna-wstepne-wyniki-badan-o-poczatkach-muzealnictwa-w-janowie-lubelskim\">ANDRZEJ ALBINIAK, EL\u017bBIETA S. MONIKA ALBINIAK SDP, Przestrze\u0144 prowincjonalno-muzealna. Wst\u0119pne wyniki bada\u0144 o pocz\u0105tkach muzealnictwa w Janowie Lubelskim<\/a><\/p>\n<p><a href=\"http:\/\/radzynskirocznik.pl\/?sdm_downloads=organizacja-i-funkcjonowanie-rewkomow-na-terenie-powiatu-lukowskiego-11-17-sierpnia-1920-r\">PAWE\u0141 BOREK, Organizacja i funkcjonowanie rewkom\u00f3w na terenie powiatu \u0142ukowskiego (11-17 sierpnia 1920 r.)<\/a><\/p>\n<p><a href=\"http:\/\/radzynskirocznik.pl\/?sdm_downloads=artur-bernhardt-i-parczewska-hala-targowa\">JERZY \u017bYWICKI, Artur Bernhardt i parczewska hala targowa<\/a><\/p>\n<p><a href=\"http:\/\/radzynskirocznik.pl\/?sdm_downloads=kierunki-dzialan-informacyjno-propagandowych-poakowskiego-podziemia-antykomunistycznego-w-obwodzie-radzyn-w-latach-1945-1946\">DARIUSZ MAGIER, Kierunki dzia\u0142a\u0144 informacyjno-propagandowych poakowskiego podziemia antykomunistycznego w Obwodzie Radzy\u0144 w latach 1945-1946<\/a><\/p>\n<p><a href=\"http:\/\/radzynskirocznik.pl\/?sdm_downloads=spoldzielnie-na-terenie-wojewodztwa-lubelskiego-jako-obiekt-przestepstw-po-ii-wojnie-swiatowej\">MARIUSZ D. BEDNARSKI, Sp\u00f3\u0142dzielnie na terenie wojew\u00f3dztwa lubelskiego jako obiekt przest\u0119pstw po II wojnie \u015bwiatowe<\/a>j<\/p>\n<p><a href=\"http:\/\/radzynskirocznik.pl\/?sdm_downloads=wojewodztwo-bialskopodlaskie-w-latach-1975-1998\">PAWE\u0141 TARKOWSKI, Wojew\u00f3dztwo bialskopodlaskie w latach 1975-1998<\/a><\/p>\n","protected":false},"excerpt":{"rendered":"<p>WIES\u0141AW CHARCZUK, Wi\u015bniew jako siedziba gminy w latach 1658-2013. Pr\u00f3ba zarysu JANUSZ FRYKOWSKI, Parafia unicka p.w. \u015aw. Jerzego M\u0119czennika w Steniatynie w \u015bwietle osiemnastowiecznych wizytacji ko\u015bcielnych WOJCIECH JAWORSKI, Legalne organizacje spo\u0142eczne w powiecie radzy\u0144skim do 1914 roku ANDRZEJ ALBINIAK, EL\u017bBIETA S. MONIKA ALBINIAK SDP, Przestrze\u0144 prowincjonalno-muzealna. Wst\u0119pne wyniki bada\u0144 o pocz\u0105tkach muzealnictwa w Janowie Lubelskim [&hellip;]<\/p>\n","protected":false},"author":3,"featured_media":0,"parent":0,"menu_order":0,"comment_status":"closed","ping_status":"closed","template":"","meta":{"footnotes":""},"class_list":["post-592","page","type-page","status-publish","hentry"],"yoast_head":"<!-- This site is optimized with the Yoast SEO plugin v26.6 - https:\/\/yoast.com\/wordpress\/plugins\/seo\/ -->\n<title>TOM 13,2015 - Radzy\u0144ski Rocznik Humanistyczny<\/title>\n<meta name=\"robots\" content=\"index, follow, max-snippet:-1, max-image-preview:large, max-video-preview:-1\" \/>\n<link rel=\"canonical\" href=\"https:\/\/radzynskirocznik.pl\/?page_id=592\" \/>\n<meta property=\"og:locale\" content=\"pl_PL\" \/>\n<meta property=\"og:type\" content=\"article\" \/>\n<meta property=\"og:title\" content=\"TOM 13,2015 - Radzy\u0144ski Rocznik Humanistyczny\" \/>\n<meta property=\"og:description\" content=\"WIES\u0141AW CHARCZUK, Wi\u015bniew jako siedziba gminy w latach 1658-2013. Pr\u00f3ba zarysu JANUSZ FRYKOWSKI, Parafia unicka p.w. \u015aw. Jerzego M\u0119czennika w Steniatynie w \u015bwietle osiemnastowiecznych wizytacji ko\u015bcielnych WOJCIECH JAWORSKI, Legalne organizacje spo\u0142eczne w powiecie radzy\u0144skim do 1914 roku ANDRZEJ ALBINIAK, EL\u017bBIETA S. MONIKA ALBINIAK SDP, Przestrze\u0144 prowincjonalno-muzealna. Wst\u0119pne wyniki bada\u0144 o pocz\u0105tkach muzealnictwa w Janowie Lubelskim [&hellip;]\" \/>\n<meta property=\"og:url\" content=\"https:\/\/radzynskirocznik.pl\/?page_id=592\" \/>\n<meta property=\"og:site_name\" content=\"Radzy\u0144ski Rocznik Humanistyczny\" \/>\n<meta property=\"article:publisher\" content=\"https:\/\/www.facebook.com\/inbrosz\" \/>\n<meta property=\"article:modified_time\" content=\"2020-03-22T12:35:50+00:00\" \/>\n<meta property=\"og:image\" content=\"http:\/\/radzynskirocznik.pl\/wp-content\/uploads\/2017\/02\/rrh-2015-211x300.jpg\" \/>\n<meta name=\"twitter:card\" content=\"summary_large_image\" \/>\n<meta name=\"twitter:label1\" content=\"Szacowany czas czytania\" \/>\n\t<meta name=\"twitter:data1\" content=\"1 minuta\" \/>\n<script type=\"application\/ld+json\" class=\"yoast-schema-graph\">{\"@context\":\"https:\/\/schema.org\",\"@graph\":[{\"@type\":\"WebPage\",\"@id\":\"https:\/\/radzynskirocznik.pl\/?page_id=592\",\"url\":\"https:\/\/radzynskirocznik.pl\/?page_id=592\",\"name\":\"TOM 13,2015 - Radzy\u0144ski Rocznik Humanistyczny\",\"isPartOf\":{\"@id\":\"https:\/\/radzynskirocznik.pl\/#website\"},\"primaryImageOfPage\":{\"@id\":\"https:\/\/radzynskirocznik.pl\/?page_id=592#primaryimage\"},\"image\":{\"@id\":\"https:\/\/radzynskirocznik.pl\/?page_id=592#primaryimage\"},\"thumbnailUrl\":\"http:\/\/radzynskirocznik.pl\/wp-content\/uploads\/2017\/02\/rrh-2015-211x300.jpg\",\"datePublished\":\"2018-04-07T12:26:32+00:00\",\"dateModified\":\"2020-03-22T12:35:50+00:00\",\"breadcrumb\":{\"@id\":\"https:\/\/radzynskirocznik.pl\/?page_id=592#breadcrumb\"},\"inLanguage\":\"pl-PL\",\"potentialAction\":[{\"@type\":\"ReadAction\",\"target\":[\"https:\/\/radzynskirocznik.pl\/?page_id=592\"]}]},{\"@type\":\"ImageObject\",\"inLanguage\":\"pl-PL\",\"@id\":\"https:\/\/radzynskirocznik.pl\/?page_id=592#primaryimage\",\"url\":\"https:\/\/radzynskirocznik.pl\/wp-content\/uploads\/2017\/02\/rrh-2015.jpg\",\"contentUrl\":\"https:\/\/radzynskirocznik.pl\/wp-content\/uploads\/2017\/02\/rrh-2015.jpg\",\"width\":473,\"height\":672},{\"@type\":\"BreadcrumbList\",\"@id\":\"https:\/\/radzynskirocznik.pl\/?page_id=592#breadcrumb\",\"itemListElement\":[{\"@type\":\"ListItem\",\"position\":1,\"name\":\"Strona g\u0142\u00f3wna\",\"item\":\"https:\/\/radzynskirocznik.pl\/?lang=en\"},{\"@type\":\"ListItem\",\"position\":2,\"name\":\"TOM 13,2015\"}]},{\"@type\":\"WebSite\",\"@id\":\"https:\/\/radzynskirocznik.pl\/#website\",\"url\":\"https:\/\/radzynskirocznik.pl\/\",\"name\":\"Radzy\u0144ski Rocznik Humanistyczny\",\"description\":\"\",\"publisher\":{\"@id\":\"https:\/\/radzynskirocznik.pl\/#organization\"},\"potentialAction\":[{\"@type\":\"SearchAction\",\"target\":{\"@type\":\"EntryPoint\",\"urlTemplate\":\"https:\/\/radzynskirocznik.pl\/?s={search_term_string}\"},\"query-input\":{\"@type\":\"PropertyValueSpecification\",\"valueRequired\":true,\"valueName\":\"search_term_string\"}}],\"inLanguage\":\"pl-PL\"},{\"@type\":\"Organization\",\"@id\":\"https:\/\/radzynskirocznik.pl\/#organization\",\"name\":\"Instytut Bronis\u0142awa Szlubowskiego\",\"url\":\"https:\/\/radzynskirocznik.pl\/\",\"logo\":{\"@type\":\"ImageObject\",\"inLanguage\":\"pl-PL\",\"@id\":\"https:\/\/radzynskirocznik.pl\/#\/schema\/logo\/image\/\",\"url\":\"http:\/\/radzynskirocznik.pl\/wp-content\/uploads\/2020\/12\/logo-pion.jpg\",\"contentUrl\":\"http:\/\/radzynskirocznik.pl\/wp-content\/uploads\/2020\/12\/logo-pion.jpg\",\"width\":1393,\"height\":727,\"caption\":\"Instytut Bronis\u0142awa Szlubowskiego\"},\"image\":{\"@id\":\"https:\/\/radzynskirocznik.pl\/#\/schema\/logo\/image\/\"},\"sameAs\":[\"https:\/\/www.facebook.com\/inbrosz\"]}]}<\/script>\n<!-- \/ Yoast SEO plugin. -->","yoast_head_json":{"title":"TOM 13,2015 - Radzy\u0144ski Rocznik Humanistyczny","robots":{"index":"index","follow":"follow","max-snippet":"max-snippet:-1","max-image-preview":"max-image-preview:large","max-video-preview":"max-video-preview:-1"},"canonical":"https:\/\/radzynskirocznik.pl\/?page_id=592","og_locale":"pl_PL","og_type":"article","og_title":"TOM 13,2015 - Radzy\u0144ski Rocznik Humanistyczny","og_description":"WIES\u0141AW CHARCZUK, Wi\u015bniew jako siedziba gminy w latach 1658-2013. Pr\u00f3ba zarysu JANUSZ FRYKOWSKI, Parafia unicka p.w. \u015aw. Jerzego M\u0119czennika w Steniatynie w \u015bwietle osiemnastowiecznych wizytacji ko\u015bcielnych WOJCIECH JAWORSKI, Legalne organizacje spo\u0142eczne w powiecie radzy\u0144skim do 1914 roku ANDRZEJ ALBINIAK, EL\u017bBIETA S. MONIKA ALBINIAK SDP, Przestrze\u0144 prowincjonalno-muzealna. Wst\u0119pne wyniki bada\u0144 o pocz\u0105tkach muzealnictwa w Janowie Lubelskim [&hellip;]","og_url":"https:\/\/radzynskirocznik.pl\/?page_id=592","og_site_name":"Radzy\u0144ski Rocznik Humanistyczny","article_publisher":"https:\/\/www.facebook.com\/inbrosz","article_modified_time":"2020-03-22T12:35:50+00:00","og_image":[{"url":"http:\/\/radzynskirocznik.pl\/wp-content\/uploads\/2017\/02\/rrh-2015-211x300.jpg","type":"","width":"","height":""}],"twitter_card":"summary_large_image","twitter_misc":{"Szacowany czas czytania":"1 minuta"},"schema":{"@context":"https:\/\/schema.org","@graph":[{"@type":"WebPage","@id":"https:\/\/radzynskirocznik.pl\/?page_id=592","url":"https:\/\/radzynskirocznik.pl\/?page_id=592","name":"TOM 13,2015 - Radzy\u0144ski Rocznik Humanistyczny","isPartOf":{"@id":"https:\/\/radzynskirocznik.pl\/#website"},"primaryImageOfPage":{"@id":"https:\/\/radzynskirocznik.pl\/?page_id=592#primaryimage"},"image":{"@id":"https:\/\/radzynskirocznik.pl\/?page_id=592#primaryimage"},"thumbnailUrl":"http:\/\/radzynskirocznik.pl\/wp-content\/uploads\/2017\/02\/rrh-2015-211x300.jpg","datePublished":"2018-04-07T12:26:32+00:00","dateModified":"2020-03-22T12:35:50+00:00","breadcrumb":{"@id":"https:\/\/radzynskirocznik.pl\/?page_id=592#breadcrumb"},"inLanguage":"pl-PL","potentialAction":[{"@type":"ReadAction","target":["https:\/\/radzynskirocznik.pl\/?page_id=592"]}]},{"@type":"ImageObject","inLanguage":"pl-PL","@id":"https:\/\/radzynskirocznik.pl\/?page_id=592#primaryimage","url":"https:\/\/radzynskirocznik.pl\/wp-content\/uploads\/2017\/02\/rrh-2015.jpg","contentUrl":"https:\/\/radzynskirocznik.pl\/wp-content\/uploads\/2017\/02\/rrh-2015.jpg","width":473,"height":672},{"@type":"BreadcrumbList","@id":"https:\/\/radzynskirocznik.pl\/?page_id=592#breadcrumb","itemListElement":[{"@type":"ListItem","position":1,"name":"Strona g\u0142\u00f3wna","item":"https:\/\/radzynskirocznik.pl\/?lang=en"},{"@type":"ListItem","position":2,"name":"TOM 13,2015"}]},{"@type":"WebSite","@id":"https:\/\/radzynskirocznik.pl\/#website","url":"https:\/\/radzynskirocznik.pl\/","name":"Radzy\u0144ski Rocznik Humanistyczny","description":"","publisher":{"@id":"https:\/\/radzynskirocznik.pl\/#organization"},"potentialAction":[{"@type":"SearchAction","target":{"@type":"EntryPoint","urlTemplate":"https:\/\/radzynskirocznik.pl\/?s={search_term_string}"},"query-input":{"@type":"PropertyValueSpecification","valueRequired":true,"valueName":"search_term_string"}}],"inLanguage":"pl-PL"},{"@type":"Organization","@id":"https:\/\/radzynskirocznik.pl\/#organization","name":"Instytut Bronis\u0142awa Szlubowskiego","url":"https:\/\/radzynskirocznik.pl\/","logo":{"@type":"ImageObject","inLanguage":"pl-PL","@id":"https:\/\/radzynskirocznik.pl\/#\/schema\/logo\/image\/","url":"http:\/\/radzynskirocznik.pl\/wp-content\/uploads\/2020\/12\/logo-pion.jpg","contentUrl":"http:\/\/radzynskirocznik.pl\/wp-content\/uploads\/2020\/12\/logo-pion.jpg","width":1393,"height":727,"caption":"Instytut Bronis\u0142awa Szlubowskiego"},"image":{"@id":"https:\/\/radzynskirocznik.pl\/#\/schema\/logo\/image\/"},"sameAs":["https:\/\/www.facebook.com\/inbrosz"]}]}},"_links":{"self":[{"href":"https:\/\/radzynskirocznik.pl\/index.php?rest_route=\/wp\/v2\/pages\/592","targetHints":{"allow":["GET"]}}],"collection":[{"href":"https:\/\/radzynskirocznik.pl\/index.php?rest_route=\/wp\/v2\/pages"}],"about":[{"href":"https:\/\/radzynskirocznik.pl\/index.php?rest_route=\/wp\/v2\/types\/page"}],"author":[{"embeddable":true,"href":"https:\/\/radzynskirocznik.pl\/index.php?rest_route=\/wp\/v2\/users\/3"}],"replies":[{"embeddable":true,"href":"https:\/\/radzynskirocznik.pl\/index.php?rest_route=%2Fwp%2Fv2%2Fcomments&post=592"}],"version-history":[{"count":10,"href":"https:\/\/radzynskirocznik.pl\/index.php?rest_route=\/wp\/v2\/pages\/592\/revisions"}],"predecessor-version":[{"id":1798,"href":"https:\/\/radzynskirocznik.pl\/index.php?rest_route=\/wp\/v2\/pages\/592\/revisions\/1798"}],"wp:attachment":[{"href":"https:\/\/radzynskirocznik.pl\/index.php?rest_route=%2Fwp%2Fv2%2Fmedia&parent=592"}],"curies":[{"name":"wp","href":"https:\/\/api.w.org\/{rel}","templated":true}]}}