{"id":4190,"date":"2025-10-23T10:25:15","date_gmt":"2025-10-23T08:25:15","guid":{"rendered":"https:\/\/radzynskirocznik.pl\/?page_id=4190"},"modified":"2025-10-23T16:06:50","modified_gmt":"2025-10-23T14:06:50","slug":"uwagi-o-dziejach-cerkwi-zasniecia-matki-boskiej-w-szczebrzeszynie","status":"publish","type":"page","link":"https:\/\/radzynskirocznik.pl\/?page_id=4190","title":{"rendered":"Uwagi o dziejach cerkwi Za\u015bni\u0119cia Matki Boskiej w Szczebrzeszynie"},"content":{"rendered":"<ul>\n<li><b>Magdalena Ludera (Muzeum Narodowe w Krakowie)<\/b><\/li>\n<li>tom 23 (2025)<\/li>\n<li>Data publikacji: 24.10.2025<\/li>\n<li>DOI: <a href=\"https:\/\/doi.org\/10.36121\/RRH.23.2025.4\">https:\/\/doi.org\/10.36121\/RRH.23.2025.4<\/a><\/li>\n<li><a href=\"https:\/\/radzynskirocznik.pl\/wp-content\/uploads\/2025\/10\/Uwagi_o_dziejach_cerkwi_w_Szczebrzeszynie_Magdalena_Ludera.pdf\">PDF<\/a><\/li>\n<\/ul>\n<hr \/>\n<p style=\"text-align: center;\"><strong><em>Remarks on the History of the Church of the Dormition of the Mother of God in Szczebrzeszyn<\/em><\/strong><\/p>\n<p>SUMMARY<\/p>\n<p><em>The article discusses the history of the Church of the Dormition of the Mother of God in Szczebrzeszyn, focusing on its architectural transformations and mural decoration. The author revises previous interpreta-tions of the inscription on the iron doors, demonstrating its symbolic rather than chronological meaning. Based on archival sources and conservation research, three phases of the modern murals are identified (ca. 1600, 1675\u20131689, 1718\u20131725), linked to the patronage of the Zamoyski family. The study emphasizes the need for further iconographic research to enable a fuller reconstruction of the church\u2019s artistic program.<\/em><\/p>\n<p>Key words: Szczebrzeszyn; church; Zamoyski Entail; architecture.<\/p>\n<hr \/>\n<p>STRESZCZENIE<\/p>\n<p><em>Artyku\u0142 omawia dzieje cerkwi Za\u015bni\u0119cia Matki Boskiej w Szczebrzeszynie w kontek\u015bcie jej przemian architektonicznych i dekoracji malarskiej. Autorka rewiduje dotychczasowe odczytania inskrypcji na \u017celaznych drzwiach, dowodz\u0105c ich symbolicznego, a nie datuj\u0105cego charakteru. Na podstawie \u017ar\u00f3de\u0142 archiwalnych i bada\u0144 konserwatorskich wskazuje trzy fazy powstania nowo\u017cytnych malowide\u0142 (ok. 1600, 1675-1689, 1718-1725), zwi\u0105zanych z fundacj\u0105 Ordynat\u00f3w Zamojskich. Podkre\u015bla potrzeb\u0119 dalszych bada\u0144 ikonograficznych, kt\u00f3re umo\u017cliwi\u0105 pe\u0142niejsz\u0105 rekonstrukcj\u0119 programu artystycznego \u015bwi\u0105tyni.<\/em><\/p>\n<p>S\u0142owa kluczowe: Szczebrzeszyn, cerkiew, Ordynacja Zamojska; architektura.<\/p>\n","protected":false},"excerpt":{"rendered":"<p>Magdalena Ludera (Muzeum Narodowe w Krakowie) tom 23 (2025) Data publikacji: 24.10.2025 DOI: https:\/\/doi.org\/10.36121\/RRH.23.2025.4 PDF Remarks on the History of the Church of the Dormition of the Mother of God in Szczebrzeszyn SUMMARY The article discusses the history of the Church of the Dormition of the Mother of God in Szczebrzeszyn, focusing on its architectural [&hellip;]<\/p>\n","protected":false},"author":3,"featured_media":0,"parent":0,"menu_order":0,"comment_status":"closed","ping_status":"closed","template":"","meta":{"footnotes":""},"class_list":["post-4190","page","type-page","status-publish","hentry"],"yoast_head":"<!-- This site is optimized with the Yoast SEO plugin v26.6 - https:\/\/yoast.com\/wordpress\/plugins\/seo\/ -->\n<title>Uwagi o dziejach cerkwi Za\u015bni\u0119cia Matki Boskiej w Szczebrzeszynie - Radzy\u0144ski Rocznik Humanistyczny<\/title>\n<meta name=\"robots\" content=\"index, follow, max-snippet:-1, max-image-preview:large, max-video-preview:-1\" \/>\n<link rel=\"canonical\" href=\"https:\/\/radzynskirocznik.pl\/?page_id=4190\" \/>\n<meta property=\"og:locale\" content=\"pl_PL\" \/>\n<meta property=\"og:type\" content=\"article\" \/>\n<meta property=\"og:title\" content=\"Uwagi o dziejach cerkwi Za\u015bni\u0119cia Matki Boskiej w Szczebrzeszynie - Radzy\u0144ski Rocznik Humanistyczny\" \/>\n<meta property=\"og:description\" content=\"Magdalena Ludera (Muzeum Narodowe w Krakowie) tom 23 (2025) Data publikacji: 24.10.2025 DOI: https:\/\/doi.org\/10.36121\/RRH.23.2025.4 PDF Remarks on the History of the Church of the Dormition of the Mother of God in Szczebrzeszyn SUMMARY The article discusses the history of the Church of the Dormition of the Mother of God in Szczebrzeszyn, focusing on its architectural [&hellip;]\" \/>\n<meta property=\"og:url\" content=\"https:\/\/radzynskirocznik.pl\/?page_id=4190\" \/>\n<meta property=\"og:site_name\" content=\"Radzy\u0144ski Rocznik Humanistyczny\" \/>\n<meta property=\"article:publisher\" content=\"https:\/\/www.facebook.com\/inbrosz\" \/>\n<meta property=\"article:modified_time\" content=\"2025-10-23T14:06:50+00:00\" \/>\n<meta name=\"twitter:card\" content=\"summary_large_image\" \/>\n<meta name=\"twitter:label1\" content=\"Szacowany czas czytania\" \/>\n\t<meta name=\"twitter:data1\" content=\"2 minuty\" \/>\n<script type=\"application\/ld+json\" class=\"yoast-schema-graph\">{\"@context\":\"https:\/\/schema.org\",\"@graph\":[{\"@type\":\"WebPage\",\"@id\":\"https:\/\/radzynskirocznik.pl\/?page_id=4190\",\"url\":\"https:\/\/radzynskirocznik.pl\/?page_id=4190\",\"name\":\"Uwagi o dziejach cerkwi Za\u015bni\u0119cia Matki Boskiej w Szczebrzeszynie - Radzy\u0144ski Rocznik Humanistyczny\",\"isPartOf\":{\"@id\":\"https:\/\/radzynskirocznik.pl\/#website\"},\"datePublished\":\"2025-10-23T08:25:15+00:00\",\"dateModified\":\"2025-10-23T14:06:50+00:00\",\"breadcrumb\":{\"@id\":\"https:\/\/radzynskirocznik.pl\/?page_id=4190#breadcrumb\"},\"inLanguage\":\"pl-PL\",\"potentialAction\":[{\"@type\":\"ReadAction\",\"target\":[\"https:\/\/radzynskirocznik.pl\/?page_id=4190\"]}]},{\"@type\":\"BreadcrumbList\",\"@id\":\"https:\/\/radzynskirocznik.pl\/?page_id=4190#breadcrumb\",\"itemListElement\":[{\"@type\":\"ListItem\",\"position\":1,\"name\":\"Strona g\u0142\u00f3wna\",\"item\":\"https:\/\/radzynskirocznik.pl\/?lang=en\"},{\"@type\":\"ListItem\",\"position\":2,\"name\":\"Uwagi o dziejach cerkwi Za\u015bni\u0119cia Matki Boskiej w Szczebrzeszynie\"}]},{\"@type\":\"WebSite\",\"@id\":\"https:\/\/radzynskirocznik.pl\/#website\",\"url\":\"https:\/\/radzynskirocznik.pl\/\",\"name\":\"Radzy\u0144ski Rocznik Humanistyczny\",\"description\":\"\",\"publisher\":{\"@id\":\"https:\/\/radzynskirocznik.pl\/#organization\"},\"potentialAction\":[{\"@type\":\"SearchAction\",\"target\":{\"@type\":\"EntryPoint\",\"urlTemplate\":\"https:\/\/radzynskirocznik.pl\/?s={search_term_string}\"},\"query-input\":{\"@type\":\"PropertyValueSpecification\",\"valueRequired\":true,\"valueName\":\"search_term_string\"}}],\"inLanguage\":\"pl-PL\"},{\"@type\":\"Organization\",\"@id\":\"https:\/\/radzynskirocznik.pl\/#organization\",\"name\":\"Instytut Bronis\u0142awa Szlubowskiego\",\"url\":\"https:\/\/radzynskirocznik.pl\/\",\"logo\":{\"@type\":\"ImageObject\",\"inLanguage\":\"pl-PL\",\"@id\":\"https:\/\/radzynskirocznik.pl\/#\/schema\/logo\/image\/\",\"url\":\"http:\/\/radzynskirocznik.pl\/wp-content\/uploads\/2020\/12\/logo-pion.jpg\",\"contentUrl\":\"http:\/\/radzynskirocznik.pl\/wp-content\/uploads\/2020\/12\/logo-pion.jpg\",\"width\":1393,\"height\":727,\"caption\":\"Instytut Bronis\u0142awa Szlubowskiego\"},\"image\":{\"@id\":\"https:\/\/radzynskirocznik.pl\/#\/schema\/logo\/image\/\"},\"sameAs\":[\"https:\/\/www.facebook.com\/inbrosz\"]}]}<\/script>\n<!-- \/ Yoast SEO plugin. -->","yoast_head_json":{"title":"Uwagi o dziejach cerkwi Za\u015bni\u0119cia Matki Boskiej w Szczebrzeszynie - Radzy\u0144ski Rocznik Humanistyczny","robots":{"index":"index","follow":"follow","max-snippet":"max-snippet:-1","max-image-preview":"max-image-preview:large","max-video-preview":"max-video-preview:-1"},"canonical":"https:\/\/radzynskirocznik.pl\/?page_id=4190","og_locale":"pl_PL","og_type":"article","og_title":"Uwagi o dziejach cerkwi Za\u015bni\u0119cia Matki Boskiej w Szczebrzeszynie - Radzy\u0144ski Rocznik Humanistyczny","og_description":"Magdalena Ludera (Muzeum Narodowe w Krakowie) tom 23 (2025) Data publikacji: 24.10.2025 DOI: https:\/\/doi.org\/10.36121\/RRH.23.2025.4 PDF Remarks on the History of the Church of the Dormition of the Mother of God in Szczebrzeszyn SUMMARY The article discusses the history of the Church of the Dormition of the Mother of God in Szczebrzeszyn, focusing on its architectural [&hellip;]","og_url":"https:\/\/radzynskirocznik.pl\/?page_id=4190","og_site_name":"Radzy\u0144ski Rocznik Humanistyczny","article_publisher":"https:\/\/www.facebook.com\/inbrosz","article_modified_time":"2025-10-23T14:06:50+00:00","twitter_card":"summary_large_image","twitter_misc":{"Szacowany czas czytania":"2 minuty"},"schema":{"@context":"https:\/\/schema.org","@graph":[{"@type":"WebPage","@id":"https:\/\/radzynskirocznik.pl\/?page_id=4190","url":"https:\/\/radzynskirocznik.pl\/?page_id=4190","name":"Uwagi o dziejach cerkwi Za\u015bni\u0119cia Matki Boskiej w Szczebrzeszynie - Radzy\u0144ski Rocznik Humanistyczny","isPartOf":{"@id":"https:\/\/radzynskirocznik.pl\/#website"},"datePublished":"2025-10-23T08:25:15+00:00","dateModified":"2025-10-23T14:06:50+00:00","breadcrumb":{"@id":"https:\/\/radzynskirocznik.pl\/?page_id=4190#breadcrumb"},"inLanguage":"pl-PL","potentialAction":[{"@type":"ReadAction","target":["https:\/\/radzynskirocznik.pl\/?page_id=4190"]}]},{"@type":"BreadcrumbList","@id":"https:\/\/radzynskirocznik.pl\/?page_id=4190#breadcrumb","itemListElement":[{"@type":"ListItem","position":1,"name":"Strona g\u0142\u00f3wna","item":"https:\/\/radzynskirocznik.pl\/?lang=en"},{"@type":"ListItem","position":2,"name":"Uwagi o dziejach cerkwi Za\u015bni\u0119cia Matki Boskiej w Szczebrzeszynie"}]},{"@type":"WebSite","@id":"https:\/\/radzynskirocznik.pl\/#website","url":"https:\/\/radzynskirocznik.pl\/","name":"Radzy\u0144ski Rocznik Humanistyczny","description":"","publisher":{"@id":"https:\/\/radzynskirocznik.pl\/#organization"},"potentialAction":[{"@type":"SearchAction","target":{"@type":"EntryPoint","urlTemplate":"https:\/\/radzynskirocznik.pl\/?s={search_term_string}"},"query-input":{"@type":"PropertyValueSpecification","valueRequired":true,"valueName":"search_term_string"}}],"inLanguage":"pl-PL"},{"@type":"Organization","@id":"https:\/\/radzynskirocznik.pl\/#organization","name":"Instytut Bronis\u0142awa Szlubowskiego","url":"https:\/\/radzynskirocznik.pl\/","logo":{"@type":"ImageObject","inLanguage":"pl-PL","@id":"https:\/\/radzynskirocznik.pl\/#\/schema\/logo\/image\/","url":"http:\/\/radzynskirocznik.pl\/wp-content\/uploads\/2020\/12\/logo-pion.jpg","contentUrl":"http:\/\/radzynskirocznik.pl\/wp-content\/uploads\/2020\/12\/logo-pion.jpg","width":1393,"height":727,"caption":"Instytut Bronis\u0142awa Szlubowskiego"},"image":{"@id":"https:\/\/radzynskirocznik.pl\/#\/schema\/logo\/image\/"},"sameAs":["https:\/\/www.facebook.com\/inbrosz"]}]}},"_links":{"self":[{"href":"https:\/\/radzynskirocznik.pl\/index.php?rest_route=\/wp\/v2\/pages\/4190","targetHints":{"allow":["GET"]}}],"collection":[{"href":"https:\/\/radzynskirocznik.pl\/index.php?rest_route=\/wp\/v2\/pages"}],"about":[{"href":"https:\/\/radzynskirocznik.pl\/index.php?rest_route=\/wp\/v2\/types\/page"}],"author":[{"embeddable":true,"href":"https:\/\/radzynskirocznik.pl\/index.php?rest_route=\/wp\/v2\/users\/3"}],"replies":[{"embeddable":true,"href":"https:\/\/radzynskirocznik.pl\/index.php?rest_route=%2Fwp%2Fv2%2Fcomments&post=4190"}],"version-history":[{"count":2,"href":"https:\/\/radzynskirocznik.pl\/index.php?rest_route=\/wp\/v2\/pages\/4190\/revisions"}],"predecessor-version":[{"id":4248,"href":"https:\/\/radzynskirocznik.pl\/index.php?rest_route=\/wp\/v2\/pages\/4190\/revisions\/4248"}],"wp:attachment":[{"href":"https:\/\/radzynskirocznik.pl\/index.php?rest_route=%2Fwp%2Fv2%2Fmedia&parent=4190"}],"curies":[{"name":"wp","href":"https:\/\/api.w.org\/{rel}","templated":true}]}}

Uwagi o dziejach cerkwi Zaśnięcia Matki Boskiej w Szczebrzeszynie

<ul>
<li><b>Magdalena Ludera (Muzeum Narodowe w Krakowie)</b></li>
<li>tom 23 (2025)</li>
<li>Data publikacji: 24.10.2025</li>
<li>DOI: <a href="https://doi.org/10.36121/RRH.23.2025.4">https://doi.org/10.36121/RRH.23.2025.4</a></li>
<li><a href="https://radzynskirocznik.pl/wp-content/uploads/2025/10/Uwagi_o_dziejach_cerkwi_w_Szczebrzeszynie_Magdalena_Ludera.pdf">PDF</a></li>
</ul>
<hr />
<p style="text-align: center;"><strong><em>Remarks on the History of the Church of the Dormition of the Mother of God in Szczebrzeszyn</em></strong></p>
<p>SUMMARY</p>
<p><em>The article discusses the history of the Church of the Dormition of the Mother of God in Szczebrzeszyn, focusing on its architectural transformations and mural decoration. The author revises previous interpreta-tions of the inscription on the iron doors, demonstrating its symbolic rather than chronological meaning. Based on archival sources and conservation research, three phases of the modern murals are identified (ca. 1600, 1675–1689, 1718–1725), linked to the patronage of the Zamoyski family. The study emphasizes the need for further iconographic research to enable a fuller reconstruction of the church’s artistic program.</em></p>
<p>Key words: Szczebrzeszyn; church; Zamoyski Entail; architecture.</p>
<hr />
<p>STRESZCZENIE</p>
<p><em>Artykuł omawia dzieje cerkwi Zaśnięcia Matki Boskiej w Szczebrzeszynie w kontekście jej przemian architektonicznych i dekoracji malarskiej. Autorka rewiduje dotychczasowe odczytania inskrypcji na żelaznych drzwiach, dowodząc ich symbolicznego, a nie datującego charakteru. Na podstawie źródeł archiwalnych i badań konserwatorskich wskazuje trzy fazy powstania nowożytnych malowideł (ok. 1600, 1675-1689, 1718-1725), związanych z fundacją Ordynatów Zamojskich. Podkreśla potrzebę dalszych badań ikonograficznych, które umożliwią pełniejszą rekonstrukcję programu artystycznego świątyni.</em></p>
<p>Słowa kluczowe: Szczebrzeszyn, cerkiew, Ordynacja Zamojska; architektura.</p>

<!-- This site is optimized with the Yoast SEO plugin v26.6 - https://yoast.com/wordpress/plugins/seo/ -->
<title>Uwagi o dziejach cerkwi Zaśnięcia Matki Boskiej w Szczebrzeszynie - Radzyński Rocznik Humanistyczny</title>
<meta name="robots" content="index, follow, max-snippet:-1, max-image-preview:large, max-video-preview:-1" />
<link rel="canonical" href="https://radzynskirocznik.pl/?page_id=4190" />
<meta property="og:locale" content="pl_PL" />
<meta property="og:type" content="article" />
<meta property="og:title" content="Uwagi o dziejach cerkwi Zaśnięcia Matki Boskiej w Szczebrzeszynie - Radzyński Rocznik Humanistyczny" />
<meta property="og:description" content="Magdalena Ludera (Muzeum Narodowe w Krakowie) tom 23 (2025) Data publikacji: 24.10.2025 DOI: https://doi.org/10.36121/RRH.23.2025.4 PDF Remarks on the History of the Church of the Dormition of the Mother of God in Szczebrzeszyn SUMMARY The article discusses the history of the Church of the Dormition of the Mother of God in Szczebrzeszyn, focusing on its architectural [&hellip;]" />
<meta property="og:url" content="https://radzynskirocznik.pl/?page_id=4190" />
<meta property="og:site_name" content="Radzyński Rocznik Humanistyczny" />
<meta property="article:publisher" content="https://www.facebook.com/inbrosz" />
<meta property="article:modified_time" content="2025-10-23T14:06:50+00:00" />
<meta name="twitter:card" content="summary_large_image" />
<meta name="twitter:label1" content="Szacowany czas czytania" />
	<meta name="twitter:data1" content="2 minuty" />
<script type="application/ld+json" class="yoast-schema-graph">{"@context":"https://schema.org","@graph":[{"@type":"WebPage","@id":"https://radzynskirocznik.pl/?page_id=4190","url":"https://radzynskirocznik.pl/?page_id=4190","name":"Uwagi o dziejach cerkwi Zaśnięcia Matki Boskiej w Szczebrzeszynie - Radzyński Rocznik Humanistyczny","isPartOf":{"@id":"https://radzynskirocznik.pl/#website"},"datePublished":"2025-10-23T08:25:15+00:00","dateModified":"2025-10-23T14:06:50+00:00","breadcrumb":{"@id":"https://radzynskirocznik.pl/?page_id=4190#breadcrumb"},"inLanguage":"pl-PL","potentialAction":[{"@type":"ReadAction","target":["https://radzynskirocznik.pl/?page_id=4190"]}]},{"@type":"BreadcrumbList","@id":"https://radzynskirocznik.pl/?page_id=4190#breadcrumb","itemListElement":[{"@type":"ListItem","position":1,"name":"Strona główna","item":"https://radzynskirocznik.pl/?lang=en"},{"@type":"ListItem","position":2,"name":"Uwagi o dziejach cerkwi Zaśnięcia Matki Boskiej w Szczebrzeszynie"}]},{"@type":"WebSite","@id":"https://radzynskirocznik.pl/#website","url":"https://radzynskirocznik.pl/","name":"Radzyński Rocznik Humanistyczny","description":"","publisher":{"@id":"https://radzynskirocznik.pl/#organization"},"potentialAction":[{"@type":"SearchAction","target":{"@type":"EntryPoint","urlTemplate":"https://radzynskirocznik.pl/?s={search_term_string}"},"query-input":{"@type":"PropertyValueSpecification","valueRequired":true,"valueName":"search_term_string"}}],"inLanguage":"pl-PL"},{"@type":"Organization","@id":"https://radzynskirocznik.pl/#organization","name":"Instytut Bronisława Szlubowskiego","url":"https://radzynskirocznik.pl/","logo":{"@type":"ImageObject","inLanguage":"pl-PL","@id":"https://radzynskirocznik.pl/#/schema/logo/image/","url":"http://radzynskirocznik.pl/wp-content/uploads/2020/12/logo-pion.jpg","contentUrl":"http://radzynskirocznik.pl/wp-content/uploads/2020/12/logo-pion.jpg","width":1393,"height":727,"caption":"Instytut Bronisława Szlubowskiego"},"image":{"@id":"https://radzynskirocznik.pl/#/schema/logo/image/"},"sameAs":["https://www.facebook.com/inbrosz"]}]}</script>
<!-- / Yoast SEO plugin. -->

Uwagi o dziejach cerkwi Zaśnięcia Matki Boskiej w Szczebrzeszynie - Radzyński Rocznik Humanistyczny

Radzyński Rocznik Humanistyczny

Strona główna

Instytut Bronisława Szlubowskiego
