{"id":4172,"date":"2025-10-23T10:05:39","date_gmt":"2025-10-23T08:05:39","guid":{"rendered":"https:\/\/radzynskirocznik.pl\/?page_id=4172"},"modified":"2025-11-03T17:08:42","modified_gmt":"2025-11-03T16:08:42","slug":"edukacja-archiwalna-w-zakresie-zbrodni-niemieckich-w-powiecie-radzynskim-w-latach-1939-1944-potencjal-zrodlowy-i-kierunki-dzialan","status":"publish","type":"page","link":"https:\/\/radzynskirocznik.pl\/?page_id=4172","title":{"rendered":"Edukacja archiwalna w zakresie zbrodni niemieckich w powiecie radzy\u0144skim w latach 1939-1944. Potencja\u0142 \u017ar\u00f3d\u0142owy i kierunki dzia\u0142a\u0144"},"content":{"rendered":"<ul>\n<li><b>Miko\u0142aj Magier (Archiwum Pa\u0144stwowe w Lublinie)<\/b><\/li>\n<li>tom 23 (2025)<\/li>\n<li>Data publikacji: 24.10.2025<\/li>\n<li>DOI: <a href=\"https:\/\/doi.org\/10.36121\/RRH.23.2025.7\">https:\/\/doi.org\/10.36121\/RRH.23.2025.7<\/a><\/li>\n<li><a href=\"https:\/\/radzynskirocznik.pl\/wp-content\/uploads\/2025\/10\/Edukacja_archiwalna_w_zakresie_zbrodni_niemieckich_Mikolaj_Magier.pdf\">PDF<\/a><\/li>\n<\/ul>\n<hr \/>\n<p><em><strong>Archival education on German crimes in the Radzy\u0144 district in the years 1939-1944. Source potential and directions of activities<\/strong><\/em><\/p>\n<p>SUMMARY<\/p>\n<p><em>This article combines issues related to archival education with a reconstruction of the realities of the Ger-man occupation in the Radzy\u0144 County between 1939 and 1944, which served as a basis for developing examples of educational activity scenarios. The paper discusses the educational functions of archives (informational, didactic, and social) and illustrates their implementation using the example of the activities of the State Archives in Lublin, Radzy\u0144 Podlaski Branch. Suggested lesson plans include a film about a Gestapo prison, a bicycle route along the &#8222;trail of remembrance,&#8221; an exhibition about camp prisoners, a tour of archival holdings, and a lecture on the Holocaust.<\/em><\/p>\n<p>Key words: archive, archival education, German occupation, Radzy\u0144 Podlaski, German crimes.<\/p>\n<hr \/>\n<p>STRESZCZENIE<\/p>\n<p><em>Artyku\u0142 jest po\u0142\u0105czeniem zagadnie\u0144 zwi\u0105zanych z edukacj\u0105 archiwaln\u0105 z rekonstrukcj\u0105 reali\u00f3w okupacji niemieckiej w powiecie radzy\u0144skim w latach 1939-1944, kt\u00f3ra pos\u0142u\u017cy\u0142a jako podstawa do budowy przy-k\u0142ad\u00f3w scenariuszy dzia\u0142a\u0144 edukacyjnych. Praca omawia funkcje edukacyjne archiw\u00f3w (informacyjn\u0105, dydaktyczn\u0105, spo\u0142eczn\u0105) i ukazuje ich realizacj\u0119 na przyk\u0142adzie dzia\u0142a\u0144 Archiwum Pa\u0144stwowego w Lublinie Oddzia\u0142 w Radzyniu Podlaskim. Zaproponowane scenariusze lekcji edukacyjnych to m.in.: film o areszcie Gestapo, trasa rowerowa \u201eszlakiem upami\u0119tnie\u0144\u201d, wystawa o wi\u0119\u017aniach oboz\u00f3w, wycieczka po zasobie archiwalnym czy prelekcja o Holocau\u015bcie.<\/em><\/p>\n<p>S\u0142owa kluczowe: archiwum, edukacja archiwalna, okupacja niemiecka, Radzy\u0144 Podlaski, zbrodnie niemieckie.<\/p>\n","protected":false},"excerpt":{"rendered":"<p>Miko\u0142aj Magier (Archiwum Pa\u0144stwowe w Lublinie) tom 23 (2025) Data publikacji: 24.10.2025 DOI: https:\/\/doi.org\/10.36121\/RRH.23.2025.7 PDF Archival education on German crimes in the Radzy\u0144 district in the years 1939-1944. Source potential and directions of activities SUMMARY This article combines issues related to archival education with a reconstruction of the realities of the Ger-man occupation in the [&hellip;]<\/p>\n","protected":false},"author":3,"featured_media":0,"parent":0,"menu_order":0,"comment_status":"closed","ping_status":"closed","template":"","meta":{"footnotes":""},"class_list":["post-4172","page","type-page","status-publish","hentry"],"yoast_head":"<!-- This site is optimized with the Yoast SEO plugin v26.6 - https:\/\/yoast.com\/wordpress\/plugins\/seo\/ -->\n<title>Edukacja archiwalna w zakresie zbrodni niemieckich w powiecie radzy\u0144skim w latach 1939-1944. Potencja\u0142 \u017ar\u00f3d\u0142owy i kierunki dzia\u0142a\u0144 - Radzy\u0144ski Rocznik Humanistyczny<\/title>\n<meta name=\"robots\" content=\"index, follow, max-snippet:-1, max-image-preview:large, max-video-preview:-1\" \/>\n<link rel=\"canonical\" href=\"https:\/\/radzynskirocznik.pl\/?page_id=4172\" \/>\n<meta property=\"og:locale\" content=\"pl_PL\" \/>\n<meta property=\"og:type\" content=\"article\" \/>\n<meta property=\"og:title\" content=\"Edukacja archiwalna w zakresie zbrodni niemieckich w powiecie radzy\u0144skim w latach 1939-1944. Potencja\u0142 \u017ar\u00f3d\u0142owy i kierunki dzia\u0142a\u0144 - Radzy\u0144ski Rocznik Humanistyczny\" \/>\n<meta property=\"og:description\" content=\"Miko\u0142aj Magier (Archiwum Pa\u0144stwowe w Lublinie) tom 23 (2025) Data publikacji: 24.10.2025 DOI: https:\/\/doi.org\/10.36121\/RRH.23.2025.7 PDF Archival education on German crimes in the Radzy\u0144 district in the years 1939-1944. Source potential and directions of activities SUMMARY This article combines issues related to archival education with a reconstruction of the realities of the Ger-man occupation in the [&hellip;]\" \/>\n<meta property=\"og:url\" content=\"https:\/\/radzynskirocznik.pl\/?page_id=4172\" \/>\n<meta property=\"og:site_name\" content=\"Radzy\u0144ski Rocznik Humanistyczny\" \/>\n<meta property=\"article:publisher\" content=\"https:\/\/www.facebook.com\/inbrosz\" \/>\n<meta property=\"article:modified_time\" content=\"2025-11-03T16:08:42+00:00\" \/>\n<meta name=\"twitter:card\" content=\"summary_large_image\" \/>\n<meta name=\"twitter:label1\" content=\"Szacowany czas czytania\" \/>\n\t<meta name=\"twitter:data1\" content=\"2 minuty\" \/>\n<script type=\"application\/ld+json\" class=\"yoast-schema-graph\">{\"@context\":\"https:\/\/schema.org\",\"@graph\":[{\"@type\":\"WebPage\",\"@id\":\"https:\/\/radzynskirocznik.pl\/?page_id=4172\",\"url\":\"https:\/\/radzynskirocznik.pl\/?page_id=4172\",\"name\":\"Edukacja archiwalna w zakresie zbrodni niemieckich w powiecie radzy\u0144skim w latach 1939-1944. Potencja\u0142 \u017ar\u00f3d\u0142owy i kierunki dzia\u0142a\u0144 - Radzy\u0144ski Rocznik Humanistyczny\",\"isPartOf\":{\"@id\":\"https:\/\/radzynskirocznik.pl\/#website\"},\"datePublished\":\"2025-10-23T08:05:39+00:00\",\"dateModified\":\"2025-11-03T16:08:42+00:00\",\"breadcrumb\":{\"@id\":\"https:\/\/radzynskirocznik.pl\/?page_id=4172#breadcrumb\"},\"inLanguage\":\"pl-PL\",\"potentialAction\":[{\"@type\":\"ReadAction\",\"target\":[\"https:\/\/radzynskirocznik.pl\/?page_id=4172\"]}]},{\"@type\":\"BreadcrumbList\",\"@id\":\"https:\/\/radzynskirocznik.pl\/?page_id=4172#breadcrumb\",\"itemListElement\":[{\"@type\":\"ListItem\",\"position\":1,\"name\":\"Strona g\u0142\u00f3wna\",\"item\":\"https:\/\/radzynskirocznik.pl\/?lang=en\"},{\"@type\":\"ListItem\",\"position\":2,\"name\":\"Edukacja archiwalna w zakresie zbrodni niemieckich w powiecie radzy\u0144skim w latach 1939-1944. Potencja\u0142 \u017ar\u00f3d\u0142owy i kierunki dzia\u0142a\u0144\"}]},{\"@type\":\"WebSite\",\"@id\":\"https:\/\/radzynskirocznik.pl\/#website\",\"url\":\"https:\/\/radzynskirocznik.pl\/\",\"name\":\"Radzy\u0144ski Rocznik Humanistyczny\",\"description\":\"\",\"publisher\":{\"@id\":\"https:\/\/radzynskirocznik.pl\/#organization\"},\"potentialAction\":[{\"@type\":\"SearchAction\",\"target\":{\"@type\":\"EntryPoint\",\"urlTemplate\":\"https:\/\/radzynskirocznik.pl\/?s={search_term_string}\"},\"query-input\":{\"@type\":\"PropertyValueSpecification\",\"valueRequired\":true,\"valueName\":\"search_term_string\"}}],\"inLanguage\":\"pl-PL\"},{\"@type\":\"Organization\",\"@id\":\"https:\/\/radzynskirocznik.pl\/#organization\",\"name\":\"Instytut Bronis\u0142awa Szlubowskiego\",\"url\":\"https:\/\/radzynskirocznik.pl\/\",\"logo\":{\"@type\":\"ImageObject\",\"inLanguage\":\"pl-PL\",\"@id\":\"https:\/\/radzynskirocznik.pl\/#\/schema\/logo\/image\/\",\"url\":\"http:\/\/radzynskirocznik.pl\/wp-content\/uploads\/2020\/12\/logo-pion.jpg\",\"contentUrl\":\"http:\/\/radzynskirocznik.pl\/wp-content\/uploads\/2020\/12\/logo-pion.jpg\",\"width\":1393,\"height\":727,\"caption\":\"Instytut Bronis\u0142awa Szlubowskiego\"},\"image\":{\"@id\":\"https:\/\/radzynskirocznik.pl\/#\/schema\/logo\/image\/\"},\"sameAs\":[\"https:\/\/www.facebook.com\/inbrosz\"]}]}<\/script>\n<!-- \/ Yoast SEO plugin. -->","yoast_head_json":{"title":"Edukacja archiwalna w zakresie zbrodni niemieckich w powiecie radzy\u0144skim w latach 1939-1944. Potencja\u0142 \u017ar\u00f3d\u0142owy i kierunki dzia\u0142a\u0144 - Radzy\u0144ski Rocznik Humanistyczny","robots":{"index":"index","follow":"follow","max-snippet":"max-snippet:-1","max-image-preview":"max-image-preview:large","max-video-preview":"max-video-preview:-1"},"canonical":"https:\/\/radzynskirocznik.pl\/?page_id=4172","og_locale":"pl_PL","og_type":"article","og_title":"Edukacja archiwalna w zakresie zbrodni niemieckich w powiecie radzy\u0144skim w latach 1939-1944. Potencja\u0142 \u017ar\u00f3d\u0142owy i kierunki dzia\u0142a\u0144 - Radzy\u0144ski Rocznik Humanistyczny","og_description":"Miko\u0142aj Magier (Archiwum Pa\u0144stwowe w Lublinie) tom 23 (2025) Data publikacji: 24.10.2025 DOI: https:\/\/doi.org\/10.36121\/RRH.23.2025.7 PDF Archival education on German crimes in the Radzy\u0144 district in the years 1939-1944. Source potential and directions of activities SUMMARY This article combines issues related to archival education with a reconstruction of the realities of the Ger-man occupation in the [&hellip;]","og_url":"https:\/\/radzynskirocznik.pl\/?page_id=4172","og_site_name":"Radzy\u0144ski Rocznik Humanistyczny","article_publisher":"https:\/\/www.facebook.com\/inbrosz","article_modified_time":"2025-11-03T16:08:42+00:00","twitter_card":"summary_large_image","twitter_misc":{"Szacowany czas czytania":"2 minuty"},"schema":{"@context":"https:\/\/schema.org","@graph":[{"@type":"WebPage","@id":"https:\/\/radzynskirocznik.pl\/?page_id=4172","url":"https:\/\/radzynskirocznik.pl\/?page_id=4172","name":"Edukacja archiwalna w zakresie zbrodni niemieckich w powiecie radzy\u0144skim w latach 1939-1944. Potencja\u0142 \u017ar\u00f3d\u0142owy i kierunki dzia\u0142a\u0144 - Radzy\u0144ski Rocznik Humanistyczny","isPartOf":{"@id":"https:\/\/radzynskirocznik.pl\/#website"},"datePublished":"2025-10-23T08:05:39+00:00","dateModified":"2025-11-03T16:08:42+00:00","breadcrumb":{"@id":"https:\/\/radzynskirocznik.pl\/?page_id=4172#breadcrumb"},"inLanguage":"pl-PL","potentialAction":[{"@type":"ReadAction","target":["https:\/\/radzynskirocznik.pl\/?page_id=4172"]}]},{"@type":"BreadcrumbList","@id":"https:\/\/radzynskirocznik.pl\/?page_id=4172#breadcrumb","itemListElement":[{"@type":"ListItem","position":1,"name":"Strona g\u0142\u00f3wna","item":"https:\/\/radzynskirocznik.pl\/?lang=en"},{"@type":"ListItem","position":2,"name":"Edukacja archiwalna w zakresie zbrodni niemieckich w powiecie radzy\u0144skim w latach 1939-1944. Potencja\u0142 \u017ar\u00f3d\u0142owy i kierunki dzia\u0142a\u0144"}]},{"@type":"WebSite","@id":"https:\/\/radzynskirocznik.pl\/#website","url":"https:\/\/radzynskirocznik.pl\/","name":"Radzy\u0144ski Rocznik Humanistyczny","description":"","publisher":{"@id":"https:\/\/radzynskirocznik.pl\/#organization"},"potentialAction":[{"@type":"SearchAction","target":{"@type":"EntryPoint","urlTemplate":"https:\/\/radzynskirocznik.pl\/?s={search_term_string}"},"query-input":{"@type":"PropertyValueSpecification","valueRequired":true,"valueName":"search_term_string"}}],"inLanguage":"pl-PL"},{"@type":"Organization","@id":"https:\/\/radzynskirocznik.pl\/#organization","name":"Instytut Bronis\u0142awa Szlubowskiego","url":"https:\/\/radzynskirocznik.pl\/","logo":{"@type":"ImageObject","inLanguage":"pl-PL","@id":"https:\/\/radzynskirocznik.pl\/#\/schema\/logo\/image\/","url":"http:\/\/radzynskirocznik.pl\/wp-content\/uploads\/2020\/12\/logo-pion.jpg","contentUrl":"http:\/\/radzynskirocznik.pl\/wp-content\/uploads\/2020\/12\/logo-pion.jpg","width":1393,"height":727,"caption":"Instytut Bronis\u0142awa Szlubowskiego"},"image":{"@id":"https:\/\/radzynskirocznik.pl\/#\/schema\/logo\/image\/"},"sameAs":["https:\/\/www.facebook.com\/inbrosz"]}]}},"_links":{"self":[{"href":"https:\/\/radzynskirocznik.pl\/index.php?rest_route=\/wp\/v2\/pages\/4172","targetHints":{"allow":["GET"]}}],"collection":[{"href":"https:\/\/radzynskirocznik.pl\/index.php?rest_route=\/wp\/v2\/pages"}],"about":[{"href":"https:\/\/radzynskirocznik.pl\/index.php?rest_route=\/wp\/v2\/types\/page"}],"author":[{"embeddable":true,"href":"https:\/\/radzynskirocznik.pl\/index.php?rest_route=\/wp\/v2\/users\/3"}],"replies":[{"embeddable":true,"href":"https:\/\/radzynskirocznik.pl\/index.php?rest_route=%2Fwp%2Fv2%2Fcomments&post=4172"}],"version-history":[{"count":5,"href":"https:\/\/radzynskirocznik.pl\/index.php?rest_route=\/wp\/v2\/pages\/4172\/revisions"}],"predecessor-version":[{"id":4267,"href":"https:\/\/radzynskirocznik.pl\/index.php?rest_route=\/wp\/v2\/pages\/4172\/revisions\/4267"}],"wp:attachment":[{"href":"https:\/\/radzynskirocznik.pl\/index.php?rest_route=%2Fwp%2Fv2%2Fmedia&parent=4172"}],"curies":[{"name":"wp","href":"https:\/\/api.w.org\/{rel}","templated":true}]}}

Edukacja archiwalna w zakresie zbrodni niemieckich w powiecie radzyńskim w latach 1939-1944. Potencjał źródłowy i kierunki działań

<ul>
<li><b>Mikołaj Magier (Archiwum Państwowe w Lublinie)</b></li>
<li>tom 23 (2025)</li>
<li>Data publikacji: 24.10.2025</li>
<li>DOI: <a href="https://doi.org/10.36121/RRH.23.2025.7">https://doi.org/10.36121/RRH.23.2025.7</a></li>
<li><a href="https://radzynskirocznik.pl/wp-content/uploads/2025/10/Edukacja_archiwalna_w_zakresie_zbrodni_niemieckich_Mikolaj_Magier.pdf">PDF</a></li>
</ul>
<hr />
<p><em><strong>Archival education on German crimes in the Radzyń district in the years 1939-1944. Source potential and directions of activities</strong></em></p>
<p>SUMMARY</p>
<p><em>This article combines issues related to archival education with a reconstruction of the realities of the Ger-man occupation in the Radzyń County between 1939 and 1944, which served as a basis for developing examples of educational activity scenarios. The paper discusses the educational functions of archives (informational, didactic, and social) and illustrates their implementation using the example of the activities of the State Archives in Lublin, Radzyń Podlaski Branch. Suggested lesson plans include a film about a Gestapo prison, a bicycle route along the &#8222;trail of remembrance,&#8221; an exhibition about camp prisoners, a tour of archival holdings, and a lecture on the Holocaust.</em></p>
<p>Key words: archive, archival education, German occupation, Radzyń Podlaski, German crimes.</p>
<hr />
<p>STRESZCZENIE</p>
<p><em>Artykuł jest połączeniem zagadnień związanych z edukacją archiwalną z rekonstrukcją realiów okupacji niemieckiej w powiecie radzyńskim w latach 1939-1944, która posłużyła jako podstawa do budowy przy-kładów scenariuszy działań edukacyjnych. Praca omawia funkcje edukacyjne archiwów (informacyjną, dydaktyczną, społeczną) i ukazuje ich realizację na przykładzie działań Archiwum Państwowego w Lublinie Oddział w Radzyniu Podlaskim. Zaproponowane scenariusze lekcji edukacyjnych to m.in.: film o areszcie Gestapo, trasa rowerowa „szlakiem upamiętnień”, wystawa o więźniach obozów, wycieczka po zasobie archiwalnym czy prelekcja o Holocauście.</em></p>
<p>Słowa kluczowe: archiwum, edukacja archiwalna, okupacja niemiecka, Radzyń Podlaski, zbrodnie niemieckie.</p>

<p>Mikołaj Magier (Archiwum Państwowe w Lublinie) tom 23 (2025) Data publikacji: 24.10.2025 DOI: https://doi.org/10.36121/RRH.23.2025.7 PDF Archival education on German crimes in the Radzyń district in the years 1939-1944. Source potential and directions of activities SUMMARY This article combines issues related to archival education with a reconstruction of the realities of the Ger-man occupation in the [&hellip;]</p>

<!-- This site is optimized with the Yoast SEO plugin v26.6 - https://yoast.com/wordpress/plugins/seo/ -->
<title>Edukacja archiwalna w zakresie zbrodni niemieckich w powiecie radzyńskim w latach 1939-1944. Potencjał źródłowy i kierunki działań - Radzyński Rocznik Humanistyczny</title>
<meta name="robots" content="index, follow, max-snippet:-1, max-image-preview:large, max-video-preview:-1" />
<link rel="canonical" href="https://radzynskirocznik.pl/?page_id=4172" />
<meta property="og:locale" content="pl_PL" />
<meta property="og:type" content="article" />
<meta property="og:title" content="Edukacja archiwalna w zakresie zbrodni niemieckich w powiecie radzyńskim w latach 1939-1944. Potencjał źródłowy i kierunki działań - Radzyński Rocznik Humanistyczny" />
<meta property="og:description" content="Mikołaj Magier (Archiwum Państwowe w Lublinie) tom 23 (2025) Data publikacji: 24.10.2025 DOI: https://doi.org/10.36121/RRH.23.2025.7 PDF Archival education on German crimes in the Radzyń district in the years 1939-1944. Source potential and directions of activities SUMMARY This article combines issues related to archival education with a reconstruction of the realities of the Ger-man occupation in the [&hellip;]" />
<meta property="og:url" content="https://radzynskirocznik.pl/?page_id=4172" />
<meta property="og:site_name" content="Radzyński Rocznik Humanistyczny" />
<meta property="article:publisher" content="https://www.facebook.com/inbrosz" />
<meta property="article:modified_time" content="2025-11-03T16:08:42+00:00" />
<meta name="twitter:card" content="summary_large_image" />
<meta name="twitter:label1" content="Szacowany czas czytania" />
	<meta name="twitter:data1" content="2 minuty" />
<script type="application/ld+json" class="yoast-schema-graph">{"@context":"https://schema.org","@graph":[{"@type":"WebPage","@id":"https://radzynskirocznik.pl/?page_id=4172","url":"https://radzynskirocznik.pl/?page_id=4172","name":"Edukacja archiwalna w zakresie zbrodni niemieckich w powiecie radzyńskim w latach 1939-1944. Potencjał źródłowy i kierunki działań - Radzyński Rocznik Humanistyczny","isPartOf":{"@id":"https://radzynskirocznik.pl/#website"},"datePublished":"2025-10-23T08:05:39+00:00","dateModified":"2025-11-03T16:08:42+00:00","breadcrumb":{"@id":"https://radzynskirocznik.pl/?page_id=4172#breadcrumb"},"inLanguage":"pl-PL","potentialAction":[{"@type":"ReadAction","target":["https://radzynskirocznik.pl/?page_id=4172"]}]},{"@type":"BreadcrumbList","@id":"https://radzynskirocznik.pl/?page_id=4172#breadcrumb","itemListElement":[{"@type":"ListItem","position":1,"name":"Strona główna","item":"https://radzynskirocznik.pl/?lang=en"},{"@type":"ListItem","position":2,"name":"Edukacja archiwalna w zakresie zbrodni niemieckich w powiecie radzyńskim w latach 1939-1944. Potencjał źródłowy i kierunki działań"}]},{"@type":"WebSite","@id":"https://radzynskirocznik.pl/#website","url":"https://radzynskirocznik.pl/","name":"Radzyński Rocznik Humanistyczny","description":"","publisher":{"@id":"https://radzynskirocznik.pl/#organization"},"potentialAction":[{"@type":"SearchAction","target":{"@type":"EntryPoint","urlTemplate":"https://radzynskirocznik.pl/?s={search_term_string}"},"query-input":{"@type":"PropertyValueSpecification","valueRequired":true,"valueName":"search_term_string"}}],"inLanguage":"pl-PL"},{"@type":"Organization","@id":"https://radzynskirocznik.pl/#organization","name":"Instytut Bronisława Szlubowskiego","url":"https://radzynskirocznik.pl/","logo":{"@type":"ImageObject","inLanguage":"pl-PL","@id":"https://radzynskirocznik.pl/#/schema/logo/image/","url":"http://radzynskirocznik.pl/wp-content/uploads/2020/12/logo-pion.jpg","contentUrl":"http://radzynskirocznik.pl/wp-content/uploads/2020/12/logo-pion.jpg","width":1393,"height":727,"caption":"Instytut Bronisława Szlubowskiego"},"image":{"@id":"https://radzynskirocznik.pl/#/schema/logo/image/"},"sameAs":["https://www.facebook.com/inbrosz"]}]}</script>
<!-- / Yoast SEO plugin. -->

Edukacja archiwalna w zakresie zbrodni niemieckich w powiecie radzyńskim w latach 1939-1944. Potencjał źródłowy i kierunki działań - Radzyński Rocznik Humanistyczny

Mikołaj Magier (Archiwum Państwowe w Lublinie) tom 23 (2025) Data publikacji: 24.10.2025 DOI: https://doi.org/10.36121/RRH.23.2025.7 PDF Archival education on German crimes in the Radzyń district in the years 1939-1944. Source potential and directions of activities SUMMARY This article combines issues related to archival education with a reconstruction of the realities of the Ger-man occupation in the [&hellip;]

Radzyński Rocznik Humanistyczny

Strona główna

Instytut Bronisława Szlubowskiego
