{"id":4095,"date":"2024-09-15T20:14:09","date_gmt":"2024-09-15T18:14:09","guid":{"rendered":"https:\/\/radzynskirocznik.pl\/?page_id=4095"},"modified":"2024-10-04T12:51:29","modified_gmt":"2024-10-04T10:51:29","slug":"tom-22-2024","status":"publish","type":"page","link":"https:\/\/radzynskirocznik.pl\/?page_id=4095","title":{"rendered":"Tom 22, 2024"},"content":{"rendered":"<p><em>Data publikacji wersji drukowanej: 4.10.2024<\/em><\/p>\n<p><a href=\"https:\/\/radzynskirocznik.pl\/wp-content\/uploads\/2024\/10\/RRH_22_2024_pierwsze.pdf\">Strona redakcyjna i spis tre\u015bci<\/a><\/p>\n<p><a href=\"https:\/\/radzynskirocznik.pl\/wp-content\/uploads\/2024\/09\/okladka_www.jpg\"><img loading=\"lazy\" decoding=\"async\" class=\"size-full wp-image-4096 alignright\" src=\"https:\/\/radzynskirocznik.pl\/wp-content\/uploads\/2024\/09\/okladka_www.jpg\" alt=\"\" width=\"256\" height=\"363\" srcset=\"https:\/\/radzynskirocznik.pl\/wp-content\/uploads\/2024\/09\/okladka_www.jpg 256w, https:\/\/radzynskirocznik.pl\/wp-content\/uploads\/2024\/09\/okladka_www-212x300.jpg 212w\" sizes=\"auto, (max-width: 256px) 100vw, 256px\" \/><\/a><\/p>\n<p>ANITA SMYK<\/p>\n<p><a href=\"https:\/\/radzynskirocznik.pl\/wp-content\/uploads\/2024\/10\/Wykorzystanie_wizerunku_bogini_Wenus_Felix_w_autoprezentacji_kobiet_z_dynastii_Sewerow.pdf\">Wykorzystanie wizerunku bogini Wenus Feliks w autoprezentacji kobiet z dynastii Sewer\u00f3w<\/a><\/p>\n<p>MARCIN GOM\u00d3\u0141KA<\/p>\n<p><a href=\"https:\/\/radzynskirocznik.pl\/wp-content\/uploads\/2024\/10\/Gospodarka_ziemi_lukowskiej_w_sredniowieczu_w_swietle_zrodel_Marcin_Gomolka.pdf\">Gospodarka ziemi \u0142ukowskiej w \u015bredniowieczu w \u015bwietle \u017ar\u00f3de\u0142<\/a><\/p>\n<p>ZOFIA CHYRA-ROLICZ<\/p>\n<p><a href=\"https:\/\/radzynskirocznik.pl\/wp-content\/uploads\/2024\/10\/Spoldzielcze_tradycje_Lomzy_Zofia_Chyra-Rolicz.pdf\">Sp\u00f3\u0142dzielcze tradycje \u0141om\u017cy<\/a><\/p>\n<p>SEBASTIAN CHOJNACKI<\/p>\n<p><a href=\"https:\/\/radzynskirocznik.pl\/wp-content\/uploads\/2024\/10\/Wplyw_mysli_Carla_von_Clausewitza_na_kryzys_szyku-linearnego.pdf\">Wp\u0142yw my\u015bli Carla von Clausewitza na kryzys szyku linearnego na prze\u0142omie XIX i XX wieku<\/a><\/p>\n<p>MIKO\u0141AJ MAGIER<\/p>\n<p><a href=\"https:\/\/radzynskirocznik.pl\/wp-content\/uploads\/2024\/10\/Komunistyczna_zbrodnia_na_uroczysku_Baran_w_Kakolewnicy.pdf\">Komunistyczna zbrodnia na uroczysku &#8222;Baran&#8221; w K\u0105kolewnicy w powiecie radzy\u0144skim &#8211; rekonesans badawczy<\/a><\/p>\n<p>JACEK WYSOCKI<\/p>\n<p><a href=\"https:\/\/radzynskirocznik.pl\/wp-content\/uploads\/2024\/10\/Kulisy_wysiedlenia_mieszkancow_Jagodnego_w_1953-r.pdf\">Kulisy wysiedlenia mieszka\u0144c\u00f3w Jagodnego w 1953 r.<\/a><\/p>\n<p>PAWE\u0141 OR\u0141OWSKI<\/p>\n<p><a href=\"https:\/\/radzynskirocznik.pl\/wp-content\/uploads\/2024\/10\/Idea_stworzenia_inteligenta_wojskowego_w-Polsce_okresu_stalinowskiego.pdf\">Idea stworzenia inteligenta wojskowego w Polsce okresu stalinowskiego. Szkic do portretu zbiorowego<\/a><\/p>\n<p>JOLANTA KRASNOWSKA-DY\u0143KA, ANNA WASAK, ROBERT MAZUREK<\/p>\n<p><a href=\"https:\/\/radzynskirocznik.pl\/wp-content\/uploads\/2024\/10\/Radzynskie_Spotkania_z_Podroznikami_Cz_13.pdf\">Radzy\u0144skie Spotkania z Podr\u00f3\u017cnikami. Cz. 13<\/a><\/p>\n\n\n<p><\/p>\n","protected":false},"excerpt":{"rendered":"<p>Data publikacji wersji drukowanej: 4.10.2024 Strona redakcyjna i spis tre\u015bci ANITA SMYK Wykorzystanie wizerunku bogini Wenus Feliks w autoprezentacji kobiet z dynastii Sewer\u00f3w MARCIN GOM\u00d3\u0141KA Gospodarka ziemi \u0142ukowskiej w \u015bredniowieczu w \u015bwietle \u017ar\u00f3de\u0142 ZOFIA CHYRA-ROLICZ Sp\u00f3\u0142dzielcze tradycje \u0141om\u017cy SEBASTIAN CHOJNACKI Wp\u0142yw my\u015bli Carla von Clausewitza na kryzys szyku linearnego na prze\u0142omie XIX i XX wieku [&hellip;]<\/p>\n","protected":false},"author":3,"featured_media":0,"parent":0,"menu_order":0,"comment_status":"closed","ping_status":"closed","template":"","meta":{"footnotes":""},"class_list":["post-4095","page","type-page","status-publish","hentry"],"yoast_head":"<!-- This site is optimized with the Yoast SEO plugin v26.6 - https:\/\/yoast.com\/wordpress\/plugins\/seo\/ -->\n<title>Tom 22, 2024 - Radzy\u0144ski Rocznik Humanistyczny<\/title>\n<meta name=\"robots\" content=\"index, follow, max-snippet:-1, max-image-preview:large, max-video-preview:-1\" \/>\n<link rel=\"canonical\" href=\"https:\/\/radzynskirocznik.pl\/?page_id=4095\" \/>\n<meta property=\"og:locale\" content=\"pl_PL\" \/>\n<meta property=\"og:type\" content=\"article\" \/>\n<meta property=\"og:title\" content=\"Tom 22, 2024 - Radzy\u0144ski Rocznik Humanistyczny\" \/>\n<meta property=\"og:description\" content=\"Data publikacji wersji drukowanej: 4.10.2024 Strona redakcyjna i spis tre\u015bci ANITA SMYK Wykorzystanie wizerunku bogini Wenus Feliks w autoprezentacji kobiet z dynastii Sewer\u00f3w MARCIN GOM\u00d3\u0141KA Gospodarka ziemi \u0142ukowskiej w \u015bredniowieczu w \u015bwietle \u017ar\u00f3de\u0142 ZOFIA CHYRA-ROLICZ Sp\u00f3\u0142dzielcze tradycje \u0141om\u017cy SEBASTIAN CHOJNACKI Wp\u0142yw my\u015bli Carla von Clausewitza na kryzys szyku linearnego na prze\u0142omie XIX i XX wieku [&hellip;]\" \/>\n<meta property=\"og:url\" content=\"https:\/\/radzynskirocznik.pl\/?page_id=4095\" \/>\n<meta property=\"og:site_name\" content=\"Radzy\u0144ski Rocznik Humanistyczny\" \/>\n<meta property=\"article:publisher\" content=\"https:\/\/www.facebook.com\/inbrosz\" \/>\n<meta property=\"article:modified_time\" content=\"2024-10-04T10:51:29+00:00\" \/>\n<meta property=\"og:image\" content=\"https:\/\/radzynskirocznik.pl\/wp-content\/uploads\/2024\/09\/okladka_www.jpg\" \/>\n<meta name=\"twitter:card\" content=\"summary_large_image\" \/>\n<meta name=\"twitter:label1\" content=\"Szacowany czas czytania\" \/>\n\t<meta name=\"twitter:data1\" content=\"1 minuta\" \/>\n<script type=\"application\/ld+json\" class=\"yoast-schema-graph\">{\"@context\":\"https:\/\/schema.org\",\"@graph\":[{\"@type\":\"WebPage\",\"@id\":\"https:\/\/radzynskirocznik.pl\/?page_id=4095\",\"url\":\"https:\/\/radzynskirocznik.pl\/?page_id=4095\",\"name\":\"Tom 22, 2024 - Radzy\u0144ski Rocznik Humanistyczny\",\"isPartOf\":{\"@id\":\"https:\/\/radzynskirocznik.pl\/#website\"},\"primaryImageOfPage\":{\"@id\":\"https:\/\/radzynskirocznik.pl\/?page_id=4095#primaryimage\"},\"image\":{\"@id\":\"https:\/\/radzynskirocznik.pl\/?page_id=4095#primaryimage\"},\"thumbnailUrl\":\"https:\/\/radzynskirocznik.pl\/wp-content\/uploads\/2024\/09\/okladka_www.jpg\",\"datePublished\":\"2024-09-15T18:14:09+00:00\",\"dateModified\":\"2024-10-04T10:51:29+00:00\",\"breadcrumb\":{\"@id\":\"https:\/\/radzynskirocznik.pl\/?page_id=4095#breadcrumb\"},\"inLanguage\":\"pl-PL\",\"potentialAction\":[{\"@type\":\"ReadAction\",\"target\":[\"https:\/\/radzynskirocznik.pl\/?page_id=4095\"]}]},{\"@type\":\"ImageObject\",\"inLanguage\":\"pl-PL\",\"@id\":\"https:\/\/radzynskirocznik.pl\/?page_id=4095#primaryimage\",\"url\":\"https:\/\/radzynskirocznik.pl\/wp-content\/uploads\/2024\/09\/okladka_www.jpg\",\"contentUrl\":\"https:\/\/radzynskirocznik.pl\/wp-content\/uploads\/2024\/09\/okladka_www.jpg\"},{\"@type\":\"BreadcrumbList\",\"@id\":\"https:\/\/radzynskirocznik.pl\/?page_id=4095#breadcrumb\",\"itemListElement\":[{\"@type\":\"ListItem\",\"position\":1,\"name\":\"Strona g\u0142\u00f3wna\",\"item\":\"https:\/\/radzynskirocznik.pl\/?lang=en\"},{\"@type\":\"ListItem\",\"position\":2,\"name\":\"Tom 22, 2024\"}]},{\"@type\":\"WebSite\",\"@id\":\"https:\/\/radzynskirocznik.pl\/#website\",\"url\":\"https:\/\/radzynskirocznik.pl\/\",\"name\":\"Radzy\u0144ski Rocznik Humanistyczny\",\"description\":\"\",\"publisher\":{\"@id\":\"https:\/\/radzynskirocznik.pl\/#organization\"},\"potentialAction\":[{\"@type\":\"SearchAction\",\"target\":{\"@type\":\"EntryPoint\",\"urlTemplate\":\"https:\/\/radzynskirocznik.pl\/?s={search_term_string}\"},\"query-input\":{\"@type\":\"PropertyValueSpecification\",\"valueRequired\":true,\"valueName\":\"search_term_string\"}}],\"inLanguage\":\"pl-PL\"},{\"@type\":\"Organization\",\"@id\":\"https:\/\/radzynskirocznik.pl\/#organization\",\"name\":\"Instytut Bronis\u0142awa Szlubowskiego\",\"url\":\"https:\/\/radzynskirocznik.pl\/\",\"logo\":{\"@type\":\"ImageObject\",\"inLanguage\":\"pl-PL\",\"@id\":\"https:\/\/radzynskirocznik.pl\/#\/schema\/logo\/image\/\",\"url\":\"http:\/\/radzynskirocznik.pl\/wp-content\/uploads\/2020\/12\/logo-pion.jpg\",\"contentUrl\":\"http:\/\/radzynskirocznik.pl\/wp-content\/uploads\/2020\/12\/logo-pion.jpg\",\"width\":1393,\"height\":727,\"caption\":\"Instytut Bronis\u0142awa Szlubowskiego\"},\"image\":{\"@id\":\"https:\/\/radzynskirocznik.pl\/#\/schema\/logo\/image\/\"},\"sameAs\":[\"https:\/\/www.facebook.com\/inbrosz\"]}]}<\/script>\n<!-- \/ Yoast SEO plugin. -->","yoast_head_json":{"title":"Tom 22, 2024 - Radzy\u0144ski Rocznik Humanistyczny","robots":{"index":"index","follow":"follow","max-snippet":"max-snippet:-1","max-image-preview":"max-image-preview:large","max-video-preview":"max-video-preview:-1"},"canonical":"https:\/\/radzynskirocznik.pl\/?page_id=4095","og_locale":"pl_PL","og_type":"article","og_title":"Tom 22, 2024 - Radzy\u0144ski Rocznik Humanistyczny","og_description":"Data publikacji wersji drukowanej: 4.10.2024 Strona redakcyjna i spis tre\u015bci ANITA SMYK Wykorzystanie wizerunku bogini Wenus Feliks w autoprezentacji kobiet z dynastii Sewer\u00f3w MARCIN GOM\u00d3\u0141KA Gospodarka ziemi \u0142ukowskiej w \u015bredniowieczu w \u015bwietle \u017ar\u00f3de\u0142 ZOFIA CHYRA-ROLICZ Sp\u00f3\u0142dzielcze tradycje \u0141om\u017cy SEBASTIAN CHOJNACKI Wp\u0142yw my\u015bli Carla von Clausewitza na kryzys szyku linearnego na prze\u0142omie XIX i XX wieku [&hellip;]","og_url":"https:\/\/radzynskirocznik.pl\/?page_id=4095","og_site_name":"Radzy\u0144ski Rocznik Humanistyczny","article_publisher":"https:\/\/www.facebook.com\/inbrosz","article_modified_time":"2024-10-04T10:51:29+00:00","og_image":[{"url":"https:\/\/radzynskirocznik.pl\/wp-content\/uploads\/2024\/09\/okladka_www.jpg","type":"","width":"","height":""}],"twitter_card":"summary_large_image","twitter_misc":{"Szacowany czas czytania":"1 minuta"},"schema":{"@context":"https:\/\/schema.org","@graph":[{"@type":"WebPage","@id":"https:\/\/radzynskirocznik.pl\/?page_id=4095","url":"https:\/\/radzynskirocznik.pl\/?page_id=4095","name":"Tom 22, 2024 - Radzy\u0144ski Rocznik Humanistyczny","isPartOf":{"@id":"https:\/\/radzynskirocznik.pl\/#website"},"primaryImageOfPage":{"@id":"https:\/\/radzynskirocznik.pl\/?page_id=4095#primaryimage"},"image":{"@id":"https:\/\/radzynskirocznik.pl\/?page_id=4095#primaryimage"},"thumbnailUrl":"https:\/\/radzynskirocznik.pl\/wp-content\/uploads\/2024\/09\/okladka_www.jpg","datePublished":"2024-09-15T18:14:09+00:00","dateModified":"2024-10-04T10:51:29+00:00","breadcrumb":{"@id":"https:\/\/radzynskirocznik.pl\/?page_id=4095#breadcrumb"},"inLanguage":"pl-PL","potentialAction":[{"@type":"ReadAction","target":["https:\/\/radzynskirocznik.pl\/?page_id=4095"]}]},{"@type":"ImageObject","inLanguage":"pl-PL","@id":"https:\/\/radzynskirocznik.pl\/?page_id=4095#primaryimage","url":"https:\/\/radzynskirocznik.pl\/wp-content\/uploads\/2024\/09\/okladka_www.jpg","contentUrl":"https:\/\/radzynskirocznik.pl\/wp-content\/uploads\/2024\/09\/okladka_www.jpg"},{"@type":"BreadcrumbList","@id":"https:\/\/radzynskirocznik.pl\/?page_id=4095#breadcrumb","itemListElement":[{"@type":"ListItem","position":1,"name":"Strona g\u0142\u00f3wna","item":"https:\/\/radzynskirocznik.pl\/?lang=en"},{"@type":"ListItem","position":2,"name":"Tom 22, 2024"}]},{"@type":"WebSite","@id":"https:\/\/radzynskirocznik.pl\/#website","url":"https:\/\/radzynskirocznik.pl\/","name":"Radzy\u0144ski Rocznik Humanistyczny","description":"","publisher":{"@id":"https:\/\/radzynskirocznik.pl\/#organization"},"potentialAction":[{"@type":"SearchAction","target":{"@type":"EntryPoint","urlTemplate":"https:\/\/radzynskirocznik.pl\/?s={search_term_string}"},"query-input":{"@type":"PropertyValueSpecification","valueRequired":true,"valueName":"search_term_string"}}],"inLanguage":"pl-PL"},{"@type":"Organization","@id":"https:\/\/radzynskirocznik.pl\/#organization","name":"Instytut Bronis\u0142awa Szlubowskiego","url":"https:\/\/radzynskirocznik.pl\/","logo":{"@type":"ImageObject","inLanguage":"pl-PL","@id":"https:\/\/radzynskirocznik.pl\/#\/schema\/logo\/image\/","url":"http:\/\/radzynskirocznik.pl\/wp-content\/uploads\/2020\/12\/logo-pion.jpg","contentUrl":"http:\/\/radzynskirocznik.pl\/wp-content\/uploads\/2020\/12\/logo-pion.jpg","width":1393,"height":727,"caption":"Instytut Bronis\u0142awa Szlubowskiego"},"image":{"@id":"https:\/\/radzynskirocznik.pl\/#\/schema\/logo\/image\/"},"sameAs":["https:\/\/www.facebook.com\/inbrosz"]}]}},"_links":{"self":[{"href":"https:\/\/radzynskirocznik.pl\/index.php?rest_route=\/wp\/v2\/pages\/4095","targetHints":{"allow":["GET"]}}],"collection":[{"href":"https:\/\/radzynskirocznik.pl\/index.php?rest_route=\/wp\/v2\/pages"}],"about":[{"href":"https:\/\/radzynskirocznik.pl\/index.php?rest_route=\/wp\/v2\/types\/page"}],"author":[{"embeddable":true,"href":"https:\/\/radzynskirocznik.pl\/index.php?rest_route=\/wp\/v2\/users\/3"}],"replies":[{"embeddable":true,"href":"https:\/\/radzynskirocznik.pl\/index.php?rest_route=%2Fwp%2Fv2%2Fcomments&post=4095"}],"version-history":[{"count":6,"href":"https:\/\/radzynskirocznik.pl\/index.php?rest_route=\/wp\/v2\/pages\/4095\/revisions"}],"predecessor-version":[{"id":4115,"href":"https:\/\/radzynskirocznik.pl\/index.php?rest_route=\/wp\/v2\/pages\/4095\/revisions\/4115"}],"wp:attachment":[{"href":"https:\/\/radzynskirocznik.pl\/index.php?rest_route=%2Fwp%2Fv2%2Fmedia&parent=4095"}],"curies":[{"name":"wp","href":"https:\/\/api.w.org\/{rel}","templated":true}]}}