{"id":3772,"date":"2023-10-27T15:36:03","date_gmt":"2023-10-27T15:36:03","guid":{"rendered":"http:\/\/radzynskirocznik.pl\/?page_id=3772"},"modified":"2023-11-20T15:22:35","modified_gmt":"2023-11-20T15:22:35","slug":"tom-21-2023","status":"publish","type":"page","link":"https:\/\/radzynskirocznik.pl\/?page_id=3772","title":{"rendered":"Tom 21, 2023"},"content":{"rendered":"<p><em>Data publikacji wersji drukowanej: 20.11.2023<\/em><\/p>\n<p><a href=\"http:\/\/radzynskirocznik.pl\/wp-content\/uploads\/2023\/10\/RRH21_2023_pierwsze.pdf\">Strona redakcyjna i spis tre\u015bci<\/a><a href=\"http:\/\/radzynskirocznik.pl\/wp-content\/uploads\/2023\/10\/okladka.jpg\"><img loading=\"lazy\" decoding=\"async\" class=\"wp-image-3773 alignright\" src=\"http:\/\/radzynskirocznik.pl\/wp-content\/uploads\/2023\/10\/okladka.jpg\" alt=\"\" width=\"256\" height=\"369\" srcset=\"https:\/\/radzynskirocznik.pl\/wp-content\/uploads\/2023\/10\/okladka.jpg 880w, https:\/\/radzynskirocznik.pl\/wp-content\/uploads\/2023\/10\/okladka-208x300.jpg 208w, https:\/\/radzynskirocznik.pl\/wp-content\/uploads\/2023\/10\/okladka-710x1024.jpg 710w, https:\/\/radzynskirocznik.pl\/wp-content\/uploads\/2023\/10\/okladka-768x1108.jpg 768w\" sizes=\"auto, (max-width: 256px) 100vw, 256px\" \/><\/a><\/p>\n<p>MARTA CZERWIENIEC-IVASYK<\/p>\n<p><a href=\"http:\/\/radzynskirocznik.pl\/wp-content\/uploads\/2023\/10\/Stanowiska_archeologiczne_w_powiecie_siedleckim_Siedlce.pdf\">Stanowiska archeologiczne w powiecie siedleckim<\/a><\/p>\n<p>MARCIN GOM\u00d3\u0141KA<\/p>\n<p><a href=\"http:\/\/radzynskirocznik.pl\/wp-content\/uploads\/2023\/10\/Templariusze_w_ziemi_lukowskiej_w_swietle_bulli_papieza_Aleksandra.pdf\">Templariusze w ziemi \u0142ukowskiej w \u015bwietle bulli papie\u017ca Aleksandra IV z 1 lutego 1257 r.<\/a><\/p>\n<p>MATEUSZ SARNACKI<\/p>\n<p><a href=\"http:\/\/radzynskirocznik.pl\/wp-content\/uploads\/2023\/10\/Uciemiezeni_Tulaczy_los_Leona_Horoszewicza_i_Andrzeja_Blyskosza_dolhobrodzkich_obroncow_wiary.pdf\">Uciemi\u0119\u017ceni. Tu\u0142aczy los Leona Horoszewicza i Andrzeja B\u0142yskosza &#8211; do\u0142hobrodzkich obro\u0144c\u00f3w wiary<\/a><\/p>\n<p>S\u0141AWOMIR MA\u0143KO<\/p>\n<p><a href=\"http:\/\/radzynskirocznik.pl\/wp-content\/uploads\/2023\/10\/Niemieckie_obozy_pracy_przymusowej_dla_Zydow_w_powiecie_radzynskim_w-okresie_II_wojny_swiatowej.pdf\"><span style=\"font-size: revert; color: initial;\">Niemieckie obozy pracy przymusowej dla \u017byd\u00f3w w powiecie radzy\u0144skim w okresie II wojny \u015bwiatowej<\/span><\/a><\/p>\n<p><span style=\"font-size: revert; color: initial;\">MARCIN BAREJ<\/span><\/p>\n<p><a href=\"http:\/\/radzynskirocznik.pl\/wp-content\/uploads\/2023\/10\/Geneza_i_przeglad_rosyjskich_formacji_wojskowych_w_sluzbie_III_Rzeszy_w_czasie_wojny_niemiecko-sowieckiej.pdf\">Geneza i przegl\u0105d rosyjskich formacji wojskowych w s\u0142u\u017cbie III Rzeszy w czasie wojny niemiecko-sowieckiej 1941-1945<\/a><\/p>\n<p>PIOTR GORZELA\u0143CZYK<\/p>\n<p><a href=\"http:\/\/radzynskirocznik.pl\/wp-content\/uploads\/2023\/10\/Wojenny_zyciorys_Zbigniewa_Brauna_II_wojna_swiatowa_Radzyn_Podlaski_Armia_Krajowa_Powstanie_Warszawskie.pdf\">Wojenny \u017cyciorys Zbigniewa Brauna ps. &#8222;Grot&#8221;<\/a><\/p>\n<p>PAWE\u0141 OR\u0141OWSKI<\/p>\n<p><a href=\"http:\/\/radzynskirocznik.pl\/wp-content\/uploads\/2023\/10\/Rola_chlopow_w_bialskopodlaskiej_organizacji_partyjnej_komuniasm_PZPR_Biala_Podlaska.pdf\">Rola ch\u0142op\u00f3w w bialskopodlaskiej organizacji partyjnej. Fakty kontra partyjna propaganda. Zarys zagadnienia<\/a><\/p>\n<p>DARIUSZ MAGIER, MATEUSZ BRZOST, JOWITA BU\u0143KO I IN.<\/p>\n<p><a href=\"http:\/\/radzynskirocznik.pl\/wp-content\/uploads\/2023\/10\/Skorowidz_do_aktow_notariusza_Szymona_Czarnockiego_w_Losicach.pdf\">Skorowidz do akt\u00f3w notariusza Szymona Czarnockiego w \u0141osicach z lat 1810-1812<\/a><\/p>\n<p>ANNA WASAK, ROBERT MAZUREK<\/p>\n<p><a href=\"http:\/\/radzynskirocznik.pl\/wp-content\/uploads\/2023\/10\/rrh21_2023_v6-3.pdf\">Radzy\u0144skie Spotkania z Podr\u00f3\u017cnikami. Cz. 12<\/a><\/p>\n\n\n<p><\/p>\n","protected":false},"excerpt":{"rendered":"<p>Data publikacji wersji drukowanej: 20.11.2023 Strona redakcyjna i spis tre\u015bci MARTA CZERWIENIEC-IVASYK Stanowiska archeologiczne w powiecie siedleckim MARCIN GOM\u00d3\u0141KA Templariusze w ziemi \u0142ukowskiej w \u015bwietle bulli papie\u017ca Aleksandra IV z 1 lutego 1257 r. MATEUSZ SARNACKI Uciemi\u0119\u017ceni. Tu\u0142aczy los Leona Horoszewicza i Andrzeja B\u0142yskosza &#8211; do\u0142hobrodzkich obro\u0144c\u00f3w wiary S\u0141AWOMIR MA\u0143KO Niemieckie obozy pracy przymusowej dla [&hellip;]<\/p>\n","protected":false},"author":3,"featured_media":0,"parent":0,"menu_order":0,"comment_status":"closed","ping_status":"closed","template":"","meta":{"footnotes":""},"class_list":["post-3772","page","type-page","status-publish","hentry"],"yoast_head":"<!-- This site is optimized with the Yoast SEO plugin v26.6 - https:\/\/yoast.com\/wordpress\/plugins\/seo\/ -->\n<title>Tom 21, 2023 - Radzy\u0144ski Rocznik Humanistyczny<\/title>\n<meta name=\"robots\" content=\"index, follow, max-snippet:-1, max-image-preview:large, max-video-preview:-1\" \/>\n<link rel=\"canonical\" href=\"https:\/\/radzynskirocznik.pl\/?page_id=3772\" \/>\n<meta property=\"og:locale\" content=\"pl_PL\" \/>\n<meta property=\"og:type\" content=\"article\" \/>\n<meta property=\"og:title\" content=\"Tom 21, 2023 - Radzy\u0144ski Rocznik Humanistyczny\" \/>\n<meta property=\"og:description\" content=\"Data publikacji wersji drukowanej: 20.11.2023 Strona redakcyjna i spis tre\u015bci MARTA CZERWIENIEC-IVASYK Stanowiska archeologiczne w powiecie siedleckim MARCIN GOM\u00d3\u0141KA Templariusze w ziemi \u0142ukowskiej w \u015bwietle bulli papie\u017ca Aleksandra IV z 1 lutego 1257 r. MATEUSZ SARNACKI Uciemi\u0119\u017ceni. Tu\u0142aczy los Leona Horoszewicza i Andrzeja B\u0142yskosza &#8211; do\u0142hobrodzkich obro\u0144c\u00f3w wiary S\u0141AWOMIR MA\u0143KO Niemieckie obozy pracy przymusowej dla [&hellip;]\" \/>\n<meta property=\"og:url\" content=\"https:\/\/radzynskirocznik.pl\/?page_id=3772\" \/>\n<meta property=\"og:site_name\" content=\"Radzy\u0144ski Rocznik Humanistyczny\" \/>\n<meta property=\"article:publisher\" content=\"https:\/\/www.facebook.com\/inbrosz\" \/>\n<meta property=\"article:modified_time\" content=\"2023-11-20T15:22:35+00:00\" \/>\n<meta property=\"og:image\" content=\"http:\/\/radzynskirocznik.pl\/wp-content\/uploads\/2023\/10\/okladka.jpg\" \/>\n<meta name=\"twitter:card\" content=\"summary_large_image\" \/>\n<meta name=\"twitter:label1\" content=\"Szacowany czas czytania\" \/>\n\t<meta name=\"twitter:data1\" content=\"1 minuta\" \/>\n<script type=\"application\/ld+json\" class=\"yoast-schema-graph\">{\"@context\":\"https:\/\/schema.org\",\"@graph\":[{\"@type\":\"WebPage\",\"@id\":\"https:\/\/radzynskirocznik.pl\/?page_id=3772\",\"url\":\"https:\/\/radzynskirocznik.pl\/?page_id=3772\",\"name\":\"Tom 21, 2023 - Radzy\u0144ski Rocznik Humanistyczny\",\"isPartOf\":{\"@id\":\"https:\/\/radzynskirocznik.pl\/#website\"},\"primaryImageOfPage\":{\"@id\":\"https:\/\/radzynskirocznik.pl\/?page_id=3772#primaryimage\"},\"image\":{\"@id\":\"https:\/\/radzynskirocznik.pl\/?page_id=3772#primaryimage\"},\"thumbnailUrl\":\"http:\/\/radzynskirocznik.pl\/wp-content\/uploads\/2023\/10\/okladka.jpg\",\"datePublished\":\"2023-10-27T15:36:03+00:00\",\"dateModified\":\"2023-11-20T15:22:35+00:00\",\"breadcrumb\":{\"@id\":\"https:\/\/radzynskirocznik.pl\/?page_id=3772#breadcrumb\"},\"inLanguage\":\"pl-PL\",\"potentialAction\":[{\"@type\":\"ReadAction\",\"target\":[\"https:\/\/radzynskirocznik.pl\/?page_id=3772\"]}]},{\"@type\":\"ImageObject\",\"inLanguage\":\"pl-PL\",\"@id\":\"https:\/\/radzynskirocznik.pl\/?page_id=3772#primaryimage\",\"url\":\"http:\/\/radzynskirocznik.pl\/wp-content\/uploads\/2023\/10\/okladka.jpg\",\"contentUrl\":\"http:\/\/radzynskirocznik.pl\/wp-content\/uploads\/2023\/10\/okladka.jpg\"},{\"@type\":\"BreadcrumbList\",\"@id\":\"https:\/\/radzynskirocznik.pl\/?page_id=3772#breadcrumb\",\"itemListElement\":[{\"@type\":\"ListItem\",\"position\":1,\"name\":\"Strona g\u0142\u00f3wna\",\"item\":\"https:\/\/radzynskirocznik.pl\/?lang=en\"},{\"@type\":\"ListItem\",\"position\":2,\"name\":\"Tom 21, 2023\"}]},{\"@type\":\"WebSite\",\"@id\":\"https:\/\/radzynskirocznik.pl\/#website\",\"url\":\"https:\/\/radzynskirocznik.pl\/\",\"name\":\"Radzy\u0144ski Rocznik Humanistyczny\",\"description\":\"\",\"publisher\":{\"@id\":\"https:\/\/radzynskirocznik.pl\/#organization\"},\"potentialAction\":[{\"@type\":\"SearchAction\",\"target\":{\"@type\":\"EntryPoint\",\"urlTemplate\":\"https:\/\/radzynskirocznik.pl\/?s={search_term_string}\"},\"query-input\":{\"@type\":\"PropertyValueSpecification\",\"valueRequired\":true,\"valueName\":\"search_term_string\"}}],\"inLanguage\":\"pl-PL\"},{\"@type\":\"Organization\",\"@id\":\"https:\/\/radzynskirocznik.pl\/#organization\",\"name\":\"Instytut Bronis\u0142awa Szlubowskiego\",\"url\":\"https:\/\/radzynskirocznik.pl\/\",\"logo\":{\"@type\":\"ImageObject\",\"inLanguage\":\"pl-PL\",\"@id\":\"https:\/\/radzynskirocznik.pl\/#\/schema\/logo\/image\/\",\"url\":\"http:\/\/radzynskirocznik.pl\/wp-content\/uploads\/2020\/12\/logo-pion.jpg\",\"contentUrl\":\"http:\/\/radzynskirocznik.pl\/wp-content\/uploads\/2020\/12\/logo-pion.jpg\",\"width\":1393,\"height\":727,\"caption\":\"Instytut Bronis\u0142awa Szlubowskiego\"},\"image\":{\"@id\":\"https:\/\/radzynskirocznik.pl\/#\/schema\/logo\/image\/\"},\"sameAs\":[\"https:\/\/www.facebook.com\/inbrosz\"]}]}<\/script>\n<!-- \/ Yoast SEO plugin. -->","yoast_head_json":{"title":"Tom 21, 2023 - Radzy\u0144ski Rocznik Humanistyczny","robots":{"index":"index","follow":"follow","max-snippet":"max-snippet:-1","max-image-preview":"max-image-preview:large","max-video-preview":"max-video-preview:-1"},"canonical":"https:\/\/radzynskirocznik.pl\/?page_id=3772","og_locale":"pl_PL","og_type":"article","og_title":"Tom 21, 2023 - Radzy\u0144ski Rocznik Humanistyczny","og_description":"Data publikacji wersji drukowanej: 20.11.2023 Strona redakcyjna i spis tre\u015bci MARTA CZERWIENIEC-IVASYK Stanowiska archeologiczne w powiecie siedleckim MARCIN GOM\u00d3\u0141KA Templariusze w ziemi \u0142ukowskiej w \u015bwietle bulli papie\u017ca Aleksandra IV z 1 lutego 1257 r. MATEUSZ SARNACKI Uciemi\u0119\u017ceni. Tu\u0142aczy los Leona Horoszewicza i Andrzeja B\u0142yskosza &#8211; do\u0142hobrodzkich obro\u0144c\u00f3w wiary S\u0141AWOMIR MA\u0143KO Niemieckie obozy pracy przymusowej dla [&hellip;]","og_url":"https:\/\/radzynskirocznik.pl\/?page_id=3772","og_site_name":"Radzy\u0144ski Rocznik Humanistyczny","article_publisher":"https:\/\/www.facebook.com\/inbrosz","article_modified_time":"2023-11-20T15:22:35+00:00","og_image":[{"url":"http:\/\/radzynskirocznik.pl\/wp-content\/uploads\/2023\/10\/okladka.jpg","type":"","width":"","height":""}],"twitter_card":"summary_large_image","twitter_misc":{"Szacowany czas czytania":"1 minuta"},"schema":{"@context":"https:\/\/schema.org","@graph":[{"@type":"WebPage","@id":"https:\/\/radzynskirocznik.pl\/?page_id=3772","url":"https:\/\/radzynskirocznik.pl\/?page_id=3772","name":"Tom 21, 2023 - Radzy\u0144ski Rocznik Humanistyczny","isPartOf":{"@id":"https:\/\/radzynskirocznik.pl\/#website"},"primaryImageOfPage":{"@id":"https:\/\/radzynskirocznik.pl\/?page_id=3772#primaryimage"},"image":{"@id":"https:\/\/radzynskirocznik.pl\/?page_id=3772#primaryimage"},"thumbnailUrl":"http:\/\/radzynskirocznik.pl\/wp-content\/uploads\/2023\/10\/okladka.jpg","datePublished":"2023-10-27T15:36:03+00:00","dateModified":"2023-11-20T15:22:35+00:00","breadcrumb":{"@id":"https:\/\/radzynskirocznik.pl\/?page_id=3772#breadcrumb"},"inLanguage":"pl-PL","potentialAction":[{"@type":"ReadAction","target":["https:\/\/radzynskirocznik.pl\/?page_id=3772"]}]},{"@type":"ImageObject","inLanguage":"pl-PL","@id":"https:\/\/radzynskirocznik.pl\/?page_id=3772#primaryimage","url":"http:\/\/radzynskirocznik.pl\/wp-content\/uploads\/2023\/10\/okladka.jpg","contentUrl":"http:\/\/radzynskirocznik.pl\/wp-content\/uploads\/2023\/10\/okladka.jpg"},{"@type":"BreadcrumbList","@id":"https:\/\/radzynskirocznik.pl\/?page_id=3772#breadcrumb","itemListElement":[{"@type":"ListItem","position":1,"name":"Strona g\u0142\u00f3wna","item":"https:\/\/radzynskirocznik.pl\/?lang=en"},{"@type":"ListItem","position":2,"name":"Tom 21, 2023"}]},{"@type":"WebSite","@id":"https:\/\/radzynskirocznik.pl\/#website","url":"https:\/\/radzynskirocznik.pl\/","name":"Radzy\u0144ski Rocznik Humanistyczny","description":"","publisher":{"@id":"https:\/\/radzynskirocznik.pl\/#organization"},"potentialAction":[{"@type":"SearchAction","target":{"@type":"EntryPoint","urlTemplate":"https:\/\/radzynskirocznik.pl\/?s={search_term_string}"},"query-input":{"@type":"PropertyValueSpecification","valueRequired":true,"valueName":"search_term_string"}}],"inLanguage":"pl-PL"},{"@type":"Organization","@id":"https:\/\/radzynskirocznik.pl\/#organization","name":"Instytut Bronis\u0142awa Szlubowskiego","url":"https:\/\/radzynskirocznik.pl\/","logo":{"@type":"ImageObject","inLanguage":"pl-PL","@id":"https:\/\/radzynskirocznik.pl\/#\/schema\/logo\/image\/","url":"http:\/\/radzynskirocznik.pl\/wp-content\/uploads\/2020\/12\/logo-pion.jpg","contentUrl":"http:\/\/radzynskirocznik.pl\/wp-content\/uploads\/2020\/12\/logo-pion.jpg","width":1393,"height":727,"caption":"Instytut Bronis\u0142awa Szlubowskiego"},"image":{"@id":"https:\/\/radzynskirocznik.pl\/#\/schema\/logo\/image\/"},"sameAs":["https:\/\/www.facebook.com\/inbrosz"]}]}},"_links":{"self":[{"href":"https:\/\/radzynskirocznik.pl\/index.php?rest_route=\/wp\/v2\/pages\/3772","targetHints":{"allow":["GET"]}}],"collection":[{"href":"https:\/\/radzynskirocznik.pl\/index.php?rest_route=\/wp\/v2\/pages"}],"about":[{"href":"https:\/\/radzynskirocznik.pl\/index.php?rest_route=\/wp\/v2\/types\/page"}],"author":[{"embeddable":true,"href":"https:\/\/radzynskirocznik.pl\/index.php?rest_route=\/wp\/v2\/users\/3"}],"replies":[{"embeddable":true,"href":"https:\/\/radzynskirocznik.pl\/index.php?rest_route=%2Fwp%2Fv2%2Fcomments&post=3772"}],"version-history":[{"count":12,"href":"https:\/\/radzynskirocznik.pl\/index.php?rest_route=\/wp\/v2\/pages\/3772\/revisions"}],"predecessor-version":[{"id":3805,"href":"https:\/\/radzynskirocznik.pl\/index.php?rest_route=\/wp\/v2\/pages\/3772\/revisions\/3805"}],"wp:attachment":[{"href":"https:\/\/radzynskirocznik.pl\/index.php?rest_route=%2Fwp%2Fv2%2Fmedia&parent=3772"}],"curies":[{"name":"wp","href":"https:\/\/api.w.org\/{rel}","templated":true}]}}