{"id":22,"date":"2017-02-08T11:06:09","date_gmt":"2017-02-08T11:06:09","guid":{"rendered":"http:\/\/radzynskirocznik.pl\/?page_id=22"},"modified":"2025-10-23T14:51:50","modified_gmt":"2025-10-23T12:51:50","slug":"archiwum","status":"publish","type":"page","link":"https:\/\/radzynskirocznik.pl\/?page_id=22","title":{"rendered":"Wszystkie tomy"},"content":{"rendered":"<p><em><img loading=\"lazy\" decoding=\"async\" class=\" wp-image-337 alignleft\" src=\"http:\/\/radzynskirocznik.pl\/wp-content\/uploads\/2017\/02\/main-qimg-1857dce0ad38c5f00a310a5a754f4899-300x145.png\" alt=\"\" width=\"195\" height=\"95\" srcset=\"https:\/\/radzynskirocznik.pl\/wp-content\/uploads\/2017\/02\/main-qimg-1857dce0ad38c5f00a310a5a754f4899-300x145.png 300w, https:\/\/radzynskirocznik.pl\/wp-content\/uploads\/2017\/02\/main-qimg-1857dce0ad38c5f00a310a5a754f4899.png 516w\" sizes=\"auto, (max-width: 195px) 100vw, 195px\" \/><\/em><\/p>\n<p><em><span style=\"color: #008000;\">Czasopismo jest udost\u0119pniane na zasadach Open Access, co oznacza \u00a0wolny, bezp\u0142atny, powszechny, trwa\u0142y i szybki dost\u0119p do publikacji elektronicznych w naszym czasopi\u015bmie. Ka\u017cdy u\u017cytkownik sieci ma prawo czyta\u0107, kopiowa\u0107, drukowa\u0107, rozpowszechnia\u0107, indeksowa\u0107, cytowa\u0107\u00a0i przeszukiwa\u0107 pe\u0142ne teksty artyku\u0142\u00f3w. Mo\u017ce przy tym korzysta\u0107 z materia\u0142\u00f3w bez ogranicze\u0144 finansowych, prawnych i technicznych, przy zachowaniu praw autorskich.<\/span><\/em><\/p>\n<p><a href=\"https:\/\/creativecommons.org\/licenses\/by-nd\/4.0\/deed.pl\"><img loading=\"lazy\" decoding=\"async\" class=\"wp-image-1067 alignright\" src=\"http:\/\/radzynskirocznik.pl\/wp-content\/uploads\/2020\/03\/CC-BY-ND-300x108.jpg\" alt=\"\" width=\"195\" height=\"70\" srcset=\"https:\/\/radzynskirocznik.pl\/wp-content\/uploads\/2020\/03\/CC-BY-ND-300x108.jpg 300w, https:\/\/radzynskirocznik.pl\/wp-content\/uploads\/2020\/03\/CC-BY-ND.jpg 563w\" sizes=\"auto, (max-width: 195px) 100vw, 195px\" \/><\/a><\/p>\n<hr \/>\n<ul>\n<li><a href=\"https:\/\/radzynskirocznik.pl\/?page_id=4232\">TOM 23, 2025<\/a><\/li>\n<li><a href=\"https:\/\/radzynskirocznik.pl\/?page_id=4095\">TOM 22, 2024<\/a><\/li>\n<li><a href=\"http:\/\/radzynskirocznik.pl\/?page_id=3772\">TOM 21, 2023<\/a><\/li>\n<li><a href=\"http:\/\/radzynskirocznik.pl\/?page_id=3405\">TOM 20, 2022<\/a><\/li>\n<li><a href=\"http:\/\/radzynskirocznik.pl\/?page_id=3001\">TOM 19, 2021<\/a><\/li>\n<li><a href=\"http:\/\/radzynskirocznik.pl\/?page_id=2288\">TOM 18, 2020<\/a><\/li>\n<li><a href=\"http:\/\/radzynskirocznik.pl\/?page_id=949\">TOM 17, 2019<\/a><\/li>\n<li>TOM 16, 2018\n<ul>\n<li><a href=\"http:\/\/radzynskirocznik.pl\/?page_id=633\">1\/2018<\/a><\/li>\n<li><a href=\"http:\/\/radzynskirocznik.pl\/?page_id=737\">2\/2018<\/a><\/li>\n<\/ul>\n<\/li>\n<li><a href=\"http:\/\/radzynskirocznik.pl\/?page_id=20\">TOM 15, 2017\u00a0<\/a><\/li>\n<li><a href=\"http:\/\/radzynskirocznik.pl\/?page_id=590\">TOM 14, 2016<\/a><\/li>\n<li><a href=\"http:\/\/radzynskirocznik.pl\/?page_id=592\">TOM 13, 2015<\/a><\/li>\n<li><a href=\"http:\/\/radzynskirocznik.pl\/?page_id=594\">TOM 12, 2014<\/a><\/li>\n<li><a href=\"http:\/\/radzynskirocznik.pl\/?page_id=596\">TOM 11, 2013<\/a><\/li>\n<li><a href=\"http:\/\/radzynskirocznik.pl\/?page_id=598\">TOM 10, 2012<\/a><\/li>\n<li><a href=\"http:\/\/radzynskirocznik.pl\/?page_id=600\">TOM 9, 2011<\/a><\/li>\n<li><a href=\"http:\/\/radzynskirocznik.pl\/?page_id=602\">TOM 8, 2010<\/a><\/li>\n<li><a href=\"http:\/\/radzynskirocznik.pl\/?page_id=604\">TOM 7, 2009<\/a><\/li>\n<li><a href=\"http:\/\/radzynskirocznik.pl\/?page_id=606\">TOM 6, 2008<\/a><\/li>\n<li><a href=\"http:\/\/radzynskirocznik.pl\/?page_id=608\">TOM 5, 2007<\/a><\/li>\n<li><a href=\"http:\/\/radzynskirocznik.pl\/?page_id=610\">TOM 4, 2006<\/a><\/li>\n<li><a href=\"http:\/\/radzynskirocznik.pl\/?page_id=612\">TOM 3, 2005<\/a><\/li>\n<li><a href=\"http:\/\/radzynskirocznik.pl\/?page_id=614\">TOM 2, 2002<\/a><\/li>\n<li><a href=\"http:\/\/radzynskirocznik.pl\/?page_id=617\">TOM 1, 2001<\/a><\/li>\n<\/ul>\n","protected":false},"excerpt":{"rendered":"<p>Czasopismo jest udost\u0119pniane na zasadach Open Access, co oznacza \u00a0wolny, bezp\u0142atny, powszechny, trwa\u0142y i szybki dost\u0119p do publikacji elektronicznych w naszym czasopi\u015bmie. Ka\u017cdy u\u017cytkownik sieci ma prawo czyta\u0107, kopiowa\u0107, drukowa\u0107, rozpowszechnia\u0107, indeksowa\u0107, cytowa\u0107\u00a0i przeszukiwa\u0107 pe\u0142ne teksty artyku\u0142\u00f3w. Mo\u017ce przy tym korzysta\u0107 z materia\u0142\u00f3w bez ogranicze\u0144 finansowych, prawnych i technicznych, przy zachowaniu praw autorskich. TOM 23, [&hellip;]<\/p>\n","protected":false},"author":1,"featured_media":0,"parent":0,"menu_order":0,"comment_status":"closed","ping_status":"closed","template":"","meta":{"footnotes":""},"class_list":["post-22","page","type-page","status-publish","hentry"],"yoast_head":"<!-- This site is optimized with the Yoast SEO plugin v26.6 - https:\/\/yoast.com\/wordpress\/plugins\/seo\/ -->\n<title>Wszystkie tomy - Radzy\u0144ski Rocznik Humanistyczny<\/title>\n<meta name=\"robots\" content=\"index, follow, max-snippet:-1, max-image-preview:large, max-video-preview:-1\" \/>\n<link rel=\"canonical\" href=\"https:\/\/radzynskirocznik.pl\/?page_id=22\" \/>\n<meta property=\"og:locale\" content=\"pl_PL\" \/>\n<meta property=\"og:type\" content=\"article\" \/>\n<meta property=\"og:title\" content=\"Wszystkie tomy - Radzy\u0144ski Rocznik Humanistyczny\" \/>\n<meta property=\"og:description\" content=\"Czasopismo jest udost\u0119pniane na zasadach Open Access, co oznacza \u00a0wolny, bezp\u0142atny, powszechny, trwa\u0142y i szybki dost\u0119p do publikacji elektronicznych w naszym czasopi\u015bmie. Ka\u017cdy u\u017cytkownik sieci ma prawo czyta\u0107, kopiowa\u0107, drukowa\u0107, rozpowszechnia\u0107, indeksowa\u0107, cytowa\u0107\u00a0i przeszukiwa\u0107 pe\u0142ne teksty artyku\u0142\u00f3w. Mo\u017ce przy tym korzysta\u0107 z materia\u0142\u00f3w bez ogranicze\u0144 finansowych, prawnych i technicznych, przy zachowaniu praw autorskich. TOM 23, [&hellip;]\" \/>\n<meta property=\"og:url\" content=\"https:\/\/radzynskirocznik.pl\/?page_id=22\" \/>\n<meta property=\"og:site_name\" content=\"Radzy\u0144ski Rocznik Humanistyczny\" \/>\n<meta property=\"article:publisher\" content=\"https:\/\/www.facebook.com\/inbrosz\" \/>\n<meta property=\"article:modified_time\" content=\"2025-10-23T12:51:50+00:00\" \/>\n<meta property=\"og:image\" content=\"https:\/\/radzynskirocznik.pl\/wp-content\/uploads\/2017\/02\/main-qimg-1857dce0ad38c5f00a310a5a754f4899.png\" \/>\n\t<meta property=\"og:image:width\" content=\"516\" \/>\n\t<meta property=\"og:image:height\" content=\"250\" \/>\n\t<meta property=\"og:image:type\" content=\"image\/png\" \/>\n<meta name=\"twitter:card\" content=\"summary_large_image\" \/>\n<meta name=\"twitter:label1\" content=\"Szacowany czas czytania\" \/>\n\t<meta name=\"twitter:data1\" content=\"2 minuty\" \/>\n<script type=\"application\/ld+json\" class=\"yoast-schema-graph\">{\"@context\":\"https:\/\/schema.org\",\"@graph\":[{\"@type\":\"WebPage\",\"@id\":\"https:\/\/radzynskirocznik.pl\/?page_id=22\",\"url\":\"https:\/\/radzynskirocznik.pl\/?page_id=22\",\"name\":\"Wszystkie tomy - Radzy\u0144ski Rocznik Humanistyczny\",\"isPartOf\":{\"@id\":\"https:\/\/radzynskirocznik.pl\/#website\"},\"primaryImageOfPage\":{\"@id\":\"https:\/\/radzynskirocznik.pl\/?page_id=22#primaryimage\"},\"image\":{\"@id\":\"https:\/\/radzynskirocznik.pl\/?page_id=22#primaryimage\"},\"thumbnailUrl\":\"http:\/\/radzynskirocznik.pl\/wp-content\/uploads\/2017\/02\/main-qimg-1857dce0ad38c5f00a310a5a754f4899-300x145.png\",\"datePublished\":\"2017-02-08T11:06:09+00:00\",\"dateModified\":\"2025-10-23T12:51:50+00:00\",\"breadcrumb\":{\"@id\":\"https:\/\/radzynskirocznik.pl\/?page_id=22#breadcrumb\"},\"inLanguage\":\"pl-PL\",\"potentialAction\":[{\"@type\":\"ReadAction\",\"target\":[\"https:\/\/radzynskirocznik.pl\/?page_id=22\"]}]},{\"@type\":\"ImageObject\",\"inLanguage\":\"pl-PL\",\"@id\":\"https:\/\/radzynskirocznik.pl\/?page_id=22#primaryimage\",\"url\":\"https:\/\/radzynskirocznik.pl\/wp-content\/uploads\/2017\/02\/main-qimg-1857dce0ad38c5f00a310a5a754f4899.png\",\"contentUrl\":\"https:\/\/radzynskirocznik.pl\/wp-content\/uploads\/2017\/02\/main-qimg-1857dce0ad38c5f00a310a5a754f4899.png\",\"width\":516,\"height\":250},{\"@type\":\"BreadcrumbList\",\"@id\":\"https:\/\/radzynskirocznik.pl\/?page_id=22#breadcrumb\",\"itemListElement\":[{\"@type\":\"ListItem\",\"position\":1,\"name\":\"Strona g\u0142\u00f3wna\",\"item\":\"https:\/\/radzynskirocznik.pl\/?lang=en\"},{\"@type\":\"ListItem\",\"position\":2,\"name\":\"Wszystkie tomy\"}]},{\"@type\":\"WebSite\",\"@id\":\"https:\/\/radzynskirocznik.pl\/#website\",\"url\":\"https:\/\/radzynskirocznik.pl\/\",\"name\":\"Radzy\u0144ski Rocznik Humanistyczny\",\"description\":\"\",\"publisher\":{\"@id\":\"https:\/\/radzynskirocznik.pl\/#organization\"},\"potentialAction\":[{\"@type\":\"SearchAction\",\"target\":{\"@type\":\"EntryPoint\",\"urlTemplate\":\"https:\/\/radzynskirocznik.pl\/?s={search_term_string}\"},\"query-input\":{\"@type\":\"PropertyValueSpecification\",\"valueRequired\":true,\"valueName\":\"search_term_string\"}}],\"inLanguage\":\"pl-PL\"},{\"@type\":\"Organization\",\"@id\":\"https:\/\/radzynskirocznik.pl\/#organization\",\"name\":\"Instytut Bronis\u0142awa Szlubowskiego\",\"url\":\"https:\/\/radzynskirocznik.pl\/\",\"logo\":{\"@type\":\"ImageObject\",\"inLanguage\":\"pl-PL\",\"@id\":\"https:\/\/radzynskirocznik.pl\/#\/schema\/logo\/image\/\",\"url\":\"http:\/\/radzynskirocznik.pl\/wp-content\/uploads\/2020\/12\/logo-pion.jpg\",\"contentUrl\":\"http:\/\/radzynskirocznik.pl\/wp-content\/uploads\/2020\/12\/logo-pion.jpg\",\"width\":1393,\"height\":727,\"caption\":\"Instytut Bronis\u0142awa Szlubowskiego\"},\"image\":{\"@id\":\"https:\/\/radzynskirocznik.pl\/#\/schema\/logo\/image\/\"},\"sameAs\":[\"https:\/\/www.facebook.com\/inbrosz\"]}]}<\/script>\n<!-- \/ Yoast SEO plugin. -->","yoast_head_json":{"title":"Wszystkie tomy - Radzy\u0144ski Rocznik Humanistyczny","robots":{"index":"index","follow":"follow","max-snippet":"max-snippet:-1","max-image-preview":"max-image-preview:large","max-video-preview":"max-video-preview:-1"},"canonical":"https:\/\/radzynskirocznik.pl\/?page_id=22","og_locale":"pl_PL","og_type":"article","og_title":"Wszystkie tomy - Radzy\u0144ski Rocznik Humanistyczny","og_description":"Czasopismo jest udost\u0119pniane na zasadach Open Access, co oznacza \u00a0wolny, bezp\u0142atny, powszechny, trwa\u0142y i szybki dost\u0119p do publikacji elektronicznych w naszym czasopi\u015bmie. Ka\u017cdy u\u017cytkownik sieci ma prawo czyta\u0107, kopiowa\u0107, drukowa\u0107, rozpowszechnia\u0107, indeksowa\u0107, cytowa\u0107\u00a0i przeszukiwa\u0107 pe\u0142ne teksty artyku\u0142\u00f3w. Mo\u017ce przy tym korzysta\u0107 z materia\u0142\u00f3w bez ogranicze\u0144 finansowych, prawnych i technicznych, przy zachowaniu praw autorskich. TOM 23, [&hellip;]","og_url":"https:\/\/radzynskirocznik.pl\/?page_id=22","og_site_name":"Radzy\u0144ski Rocznik Humanistyczny","article_publisher":"https:\/\/www.facebook.com\/inbrosz","article_modified_time":"2025-10-23T12:51:50+00:00","og_image":[{"width":516,"height":250,"url":"https:\/\/radzynskirocznik.pl\/wp-content\/uploads\/2017\/02\/main-qimg-1857dce0ad38c5f00a310a5a754f4899.png","type":"image\/png"}],"twitter_card":"summary_large_image","twitter_misc":{"Szacowany czas czytania":"2 minuty"},"schema":{"@context":"https:\/\/schema.org","@graph":[{"@type":"WebPage","@id":"https:\/\/radzynskirocznik.pl\/?page_id=22","url":"https:\/\/radzynskirocznik.pl\/?page_id=22","name":"Wszystkie tomy - Radzy\u0144ski Rocznik Humanistyczny","isPartOf":{"@id":"https:\/\/radzynskirocznik.pl\/#website"},"primaryImageOfPage":{"@id":"https:\/\/radzynskirocznik.pl\/?page_id=22#primaryimage"},"image":{"@id":"https:\/\/radzynskirocznik.pl\/?page_id=22#primaryimage"},"thumbnailUrl":"http:\/\/radzynskirocznik.pl\/wp-content\/uploads\/2017\/02\/main-qimg-1857dce0ad38c5f00a310a5a754f4899-300x145.png","datePublished":"2017-02-08T11:06:09+00:00","dateModified":"2025-10-23T12:51:50+00:00","breadcrumb":{"@id":"https:\/\/radzynskirocznik.pl\/?page_id=22#breadcrumb"},"inLanguage":"pl-PL","potentialAction":[{"@type":"ReadAction","target":["https:\/\/radzynskirocznik.pl\/?page_id=22"]}]},{"@type":"ImageObject","inLanguage":"pl-PL","@id":"https:\/\/radzynskirocznik.pl\/?page_id=22#primaryimage","url":"https:\/\/radzynskirocznik.pl\/wp-content\/uploads\/2017\/02\/main-qimg-1857dce0ad38c5f00a310a5a754f4899.png","contentUrl":"https:\/\/radzynskirocznik.pl\/wp-content\/uploads\/2017\/02\/main-qimg-1857dce0ad38c5f00a310a5a754f4899.png","width":516,"height":250},{"@type":"BreadcrumbList","@id":"https:\/\/radzynskirocznik.pl\/?page_id=22#breadcrumb","itemListElement":[{"@type":"ListItem","position":1,"name":"Strona g\u0142\u00f3wna","item":"https:\/\/radzynskirocznik.pl\/?lang=en"},{"@type":"ListItem","position":2,"name":"Wszystkie tomy"}]},{"@type":"WebSite","@id":"https:\/\/radzynskirocznik.pl\/#website","url":"https:\/\/radzynskirocznik.pl\/","name":"Radzy\u0144ski Rocznik Humanistyczny","description":"","publisher":{"@id":"https:\/\/radzynskirocznik.pl\/#organization"},"potentialAction":[{"@type":"SearchAction","target":{"@type":"EntryPoint","urlTemplate":"https:\/\/radzynskirocznik.pl\/?s={search_term_string}"},"query-input":{"@type":"PropertyValueSpecification","valueRequired":true,"valueName":"search_term_string"}}],"inLanguage":"pl-PL"},{"@type":"Organization","@id":"https:\/\/radzynskirocznik.pl\/#organization","name":"Instytut Bronis\u0142awa Szlubowskiego","url":"https:\/\/radzynskirocznik.pl\/","logo":{"@type":"ImageObject","inLanguage":"pl-PL","@id":"https:\/\/radzynskirocznik.pl\/#\/schema\/logo\/image\/","url":"http:\/\/radzynskirocznik.pl\/wp-content\/uploads\/2020\/12\/logo-pion.jpg","contentUrl":"http:\/\/radzynskirocznik.pl\/wp-content\/uploads\/2020\/12\/logo-pion.jpg","width":1393,"height":727,"caption":"Instytut Bronis\u0142awa Szlubowskiego"},"image":{"@id":"https:\/\/radzynskirocznik.pl\/#\/schema\/logo\/image\/"},"sameAs":["https:\/\/www.facebook.com\/inbrosz"]}]}},"_links":{"self":[{"href":"https:\/\/radzynskirocznik.pl\/index.php?rest_route=\/wp\/v2\/pages\/22","targetHints":{"allow":["GET"]}}],"collection":[{"href":"https:\/\/radzynskirocznik.pl\/index.php?rest_route=\/wp\/v2\/pages"}],"about":[{"href":"https:\/\/radzynskirocznik.pl\/index.php?rest_route=\/wp\/v2\/types\/page"}],"author":[{"embeddable":true,"href":"https:\/\/radzynskirocznik.pl\/index.php?rest_route=\/wp\/v2\/users\/1"}],"replies":[{"embeddable":true,"href":"https:\/\/radzynskirocznik.pl\/index.php?rest_route=%2Fwp%2Fv2%2Fcomments&post=22"}],"version-history":[{"count":79,"href":"https:\/\/radzynskirocznik.pl\/index.php?rest_route=\/wp\/v2\/pages\/22\/revisions"}],"predecessor-version":[{"id":4242,"href":"https:\/\/radzynskirocznik.pl\/index.php?rest_route=\/wp\/v2\/pages\/22\/revisions\/4242"}],"wp:attachment":[{"href":"https:\/\/radzynskirocznik.pl\/index.php?rest_route=%2Fwp%2Fv2%2Fmedia&parent=22"}],"curies":[{"name":"wp","href":"https:\/\/api.w.org\/{rel}","templated":true}]}}