{"id":2033,"date":"2020-05-21T12:18:52","date_gmt":"2020-05-21T12:18:52","guid":{"rendered":"http:\/\/radzynskirocznik.pl\/?page_id=2033"},"modified":"2020-07-19T09:35:32","modified_gmt":"2020-07-19T09:35:32","slug":"filling-level-of-the-next-volume","status":"publish","type":"page","link":"https:\/\/radzynskirocznik.pl\/?page_id=2033&lang=en","title":{"rendered":"Filling level of the next volume"},"content":{"rendered":"<p><strong>Scientific materials (reviewed) qualified for volume 18, 2020<\/strong><\/p>\n<ol>\n<li>Mateusz Pachucki: <em>Recruits from the Siemie\u0144 commune in the Russian army during the First World War (1914-1918).<\/em><\/li>\n<li>Marek M. Kami\u0144ski, Ernest Szum: <em>Prometheism of Janosik Podlaski in the accounts of friends. Sources for the biography of J\u00f3zef Korycki.<\/em><\/li>\n<li>Damian Sitkiewicz: <em>Documents related to the Union of Armed Struggle \u2013 Home Army Radzy\u0144 Podlaski District in the collection of Zygmunt Ma\u0144kowski and Ireneusz Caban.<\/em><\/li>\n<li>Eugeniusz Wilkowski: <em>Underground structures of the \u201cSolidarity\u201d farmers\u2019 union in the Lublin region (Poland) in 1982\u20131989.<\/em><\/li>\n<li>Dariusz Magier: <em>The attitude of militia force from Radzy\u0144 Podlaski poviat towards communism and the Soviet Union in early 1946<\/em>.<\/li>\n<li>Tomasz Sajecki: <em>Zawada near Tarnow \u2013 great stronghold from the early Middle Ages<\/em>.<\/li>\n<li>Pawe\u0142 Or\u0142owski: <em>Everyday obstacles approached by the inhabitants of the Bia\u0142a Podlaska Voivodeship in the first years after its establishment (1975-1976) reflected in letters and complaints addressed to the PZPR\u2019s Voi-vodeship Committee in Bia\u0142a Podlaska<\/em>.<\/li>\n<\/ol>\n","protected":false},"excerpt":{"rendered":"<p>Scientific materials (reviewed) qualified for volume 18, 2020 Mateusz Pachucki: Recruits from the Siemie\u0144 commune in the Russian army during the First World War (1914-1918). Marek M. Kami\u0144ski, Ernest Szum: Prometheism of Janosik Podlaski in the accounts of friends. Sources for the biography of J\u00f3zef Korycki. Damian Sitkiewicz: Documents related to the Union of Armed [&hellip;]<\/p>\n","protected":false},"author":3,"featured_media":0,"parent":0,"menu_order":0,"comment_status":"closed","ping_status":"closed","template":"","meta":{"footnotes":""},"class_list":["post-2033","page","type-page","status-publish","hentry"],"yoast_head":"<!-- This site is optimized with the Yoast SEO plugin v26.6 - https:\/\/yoast.com\/wordpress\/plugins\/seo\/ -->\n<title>Filling level of the next volume - Radzy\u0144ski Rocznik Humanistyczny<\/title>\n<meta name=\"robots\" content=\"index, follow, max-snippet:-1, max-image-preview:large, max-video-preview:-1\" \/>\n<link rel=\"canonical\" href=\"https:\/\/radzynskirocznik.pl\/?page_id=2033&lang=en\" \/>\n<meta property=\"og:locale\" content=\"pl_PL\" \/>\n<meta property=\"og:type\" content=\"article\" \/>\n<meta property=\"og:title\" content=\"Filling level of the next volume - Radzy\u0144ski Rocznik Humanistyczny\" \/>\n<meta property=\"og:description\" content=\"Scientific materials (reviewed) qualified for volume 18, 2020 Mateusz Pachucki: Recruits from the Siemie\u0144 commune in the Russian army during the First World War (1914-1918). Marek M. Kami\u0144ski, Ernest Szum: Prometheism of Janosik Podlaski in the accounts of friends. Sources for the biography of J\u00f3zef Korycki. Damian Sitkiewicz: Documents related to the Union of Armed [&hellip;]\" \/>\n<meta property=\"og:url\" content=\"https:\/\/radzynskirocznik.pl\/?page_id=2033&amp;lang=en\" \/>\n<meta property=\"og:site_name\" content=\"Radzy\u0144ski Rocznik Humanistyczny\" \/>\n<meta property=\"article:publisher\" content=\"https:\/\/www.facebook.com\/inbrosz\" \/>\n<meta property=\"article:modified_time\" content=\"2020-07-19T09:35:32+00:00\" \/>\n<meta name=\"twitter:card\" content=\"summary_large_image\" \/>\n<meta name=\"twitter:label1\" content=\"Szacowany czas czytania\" \/>\n\t<meta name=\"twitter:data1\" content=\"1 minuta\" \/>\n<script type=\"application\/ld+json\" class=\"yoast-schema-graph\">{\"@context\":\"https:\/\/schema.org\",\"@graph\":[{\"@type\":\"WebPage\",\"@id\":\"https:\/\/radzynskirocznik.pl\/?page_id=2033&lang=en\",\"url\":\"https:\/\/radzynskirocznik.pl\/?page_id=2033&lang=en\",\"name\":\"Filling level of the next volume - Radzy\u0144ski Rocznik Humanistyczny\",\"isPartOf\":{\"@id\":\"https:\/\/radzynskirocznik.pl\/#website\"},\"datePublished\":\"2020-05-21T12:18:52+00:00\",\"dateModified\":\"2020-07-19T09:35:32+00:00\",\"breadcrumb\":{\"@id\":\"https:\/\/radzynskirocznik.pl\/?page_id=2033&lang=en#breadcrumb\"},\"inLanguage\":\"pl-PL\",\"potentialAction\":[{\"@type\":\"ReadAction\",\"target\":[\"https:\/\/radzynskirocznik.pl\/?page_id=2033&lang=en\"]}]},{\"@type\":\"BreadcrumbList\",\"@id\":\"https:\/\/radzynskirocznik.pl\/?page_id=2033&lang=en#breadcrumb\",\"itemListElement\":[{\"@type\":\"ListItem\",\"position\":1,\"name\":\"Strona g\u0142\u00f3wna\",\"item\":\"https:\/\/radzynskirocznik.pl\/?lang=en\"},{\"@type\":\"ListItem\",\"position\":2,\"name\":\"Filling level of the next volume\"}]},{\"@type\":\"WebSite\",\"@id\":\"https:\/\/radzynskirocznik.pl\/#website\",\"url\":\"https:\/\/radzynskirocznik.pl\/\",\"name\":\"Radzy\u0144ski Rocznik Humanistyczny\",\"description\":\"\",\"publisher\":{\"@id\":\"https:\/\/radzynskirocznik.pl\/#organization\"},\"potentialAction\":[{\"@type\":\"SearchAction\",\"target\":{\"@type\":\"EntryPoint\",\"urlTemplate\":\"https:\/\/radzynskirocznik.pl\/?s={search_term_string}\"},\"query-input\":{\"@type\":\"PropertyValueSpecification\",\"valueRequired\":true,\"valueName\":\"search_term_string\"}}],\"inLanguage\":\"pl-PL\"},{\"@type\":\"Organization\",\"@id\":\"https:\/\/radzynskirocznik.pl\/#organization\",\"name\":\"Instytut Bronis\u0142awa Szlubowskiego\",\"url\":\"https:\/\/radzynskirocznik.pl\/\",\"logo\":{\"@type\":\"ImageObject\",\"inLanguage\":\"pl-PL\",\"@id\":\"https:\/\/radzynskirocznik.pl\/#\/schema\/logo\/image\/\",\"url\":\"http:\/\/radzynskirocznik.pl\/wp-content\/uploads\/2020\/12\/logo-pion.jpg\",\"contentUrl\":\"http:\/\/radzynskirocznik.pl\/wp-content\/uploads\/2020\/12\/logo-pion.jpg\",\"width\":1393,\"height\":727,\"caption\":\"Instytut Bronis\u0142awa Szlubowskiego\"},\"image\":{\"@id\":\"https:\/\/radzynskirocznik.pl\/#\/schema\/logo\/image\/\"},\"sameAs\":[\"https:\/\/www.facebook.com\/inbrosz\"]}]}<\/script>\n<!-- \/ Yoast SEO plugin. -->","yoast_head_json":{"title":"Filling level of the next volume - Radzy\u0144ski Rocznik Humanistyczny","robots":{"index":"index","follow":"follow","max-snippet":"max-snippet:-1","max-image-preview":"max-image-preview:large","max-video-preview":"max-video-preview:-1"},"canonical":"https:\/\/radzynskirocznik.pl\/?page_id=2033&lang=en","og_locale":"pl_PL","og_type":"article","og_title":"Filling level of the next volume - Radzy\u0144ski Rocznik Humanistyczny","og_description":"Scientific materials (reviewed) qualified for volume 18, 2020 Mateusz Pachucki: Recruits from the Siemie\u0144 commune in the Russian army during the First World War (1914-1918). Marek M. Kami\u0144ski, Ernest Szum: Prometheism of Janosik Podlaski in the accounts of friends. Sources for the biography of J\u00f3zef Korycki. Damian Sitkiewicz: Documents related to the Union of Armed [&hellip;]","og_url":"https:\/\/radzynskirocznik.pl\/?page_id=2033&lang=en","og_site_name":"Radzy\u0144ski Rocznik Humanistyczny","article_publisher":"https:\/\/www.facebook.com\/inbrosz","article_modified_time":"2020-07-19T09:35:32+00:00","twitter_card":"summary_large_image","twitter_misc":{"Szacowany czas czytania":"1 minuta"},"schema":{"@context":"https:\/\/schema.org","@graph":[{"@type":"WebPage","@id":"https:\/\/radzynskirocznik.pl\/?page_id=2033&lang=en","url":"https:\/\/radzynskirocznik.pl\/?page_id=2033&lang=en","name":"Filling level of the next volume - Radzy\u0144ski Rocznik Humanistyczny","isPartOf":{"@id":"https:\/\/radzynskirocznik.pl\/#website"},"datePublished":"2020-05-21T12:18:52+00:00","dateModified":"2020-07-19T09:35:32+00:00","breadcrumb":{"@id":"https:\/\/radzynskirocznik.pl\/?page_id=2033&lang=en#breadcrumb"},"inLanguage":"pl-PL","potentialAction":[{"@type":"ReadAction","target":["https:\/\/radzynskirocznik.pl\/?page_id=2033&lang=en"]}]},{"@type":"BreadcrumbList","@id":"https:\/\/radzynskirocznik.pl\/?page_id=2033&lang=en#breadcrumb","itemListElement":[{"@type":"ListItem","position":1,"name":"Strona g\u0142\u00f3wna","item":"https:\/\/radzynskirocznik.pl\/?lang=en"},{"@type":"ListItem","position":2,"name":"Filling level of the next volume"}]},{"@type":"WebSite","@id":"https:\/\/radzynskirocznik.pl\/#website","url":"https:\/\/radzynskirocznik.pl\/","name":"Radzy\u0144ski Rocznik Humanistyczny","description":"","publisher":{"@id":"https:\/\/radzynskirocznik.pl\/#organization"},"potentialAction":[{"@type":"SearchAction","target":{"@type":"EntryPoint","urlTemplate":"https:\/\/radzynskirocznik.pl\/?s={search_term_string}"},"query-input":{"@type":"PropertyValueSpecification","valueRequired":true,"valueName":"search_term_string"}}],"inLanguage":"pl-PL"},{"@type":"Organization","@id":"https:\/\/radzynskirocznik.pl\/#organization","name":"Instytut Bronis\u0142awa Szlubowskiego","url":"https:\/\/radzynskirocznik.pl\/","logo":{"@type":"ImageObject","inLanguage":"pl-PL","@id":"https:\/\/radzynskirocznik.pl\/#\/schema\/logo\/image\/","url":"http:\/\/radzynskirocznik.pl\/wp-content\/uploads\/2020\/12\/logo-pion.jpg","contentUrl":"http:\/\/radzynskirocznik.pl\/wp-content\/uploads\/2020\/12\/logo-pion.jpg","width":1393,"height":727,"caption":"Instytut Bronis\u0142awa Szlubowskiego"},"image":{"@id":"https:\/\/radzynskirocznik.pl\/#\/schema\/logo\/image\/"},"sameAs":["https:\/\/www.facebook.com\/inbrosz"]}]}},"_links":{"self":[{"href":"https:\/\/radzynskirocznik.pl\/index.php?rest_route=\/wp\/v2\/pages\/2033","targetHints":{"allow":["GET"]}}],"collection":[{"href":"https:\/\/radzynskirocznik.pl\/index.php?rest_route=\/wp\/v2\/pages"}],"about":[{"href":"https:\/\/radzynskirocznik.pl\/index.php?rest_route=\/wp\/v2\/types\/page"}],"author":[{"embeddable":true,"href":"https:\/\/radzynskirocznik.pl\/index.php?rest_route=\/wp\/v2\/users\/3"}],"replies":[{"embeddable":true,"href":"https:\/\/radzynskirocznik.pl\/index.php?rest_route=%2Fwp%2Fv2%2Fcomments&post=2033"}],"version-history":[{"count":2,"href":"https:\/\/radzynskirocznik.pl\/index.php?rest_route=\/wp\/v2\/pages\/2033\/revisions"}],"predecessor-version":[{"id":2130,"href":"https:\/\/radzynskirocznik.pl\/index.php?rest_route=\/wp\/v2\/pages\/2033\/revisions\/2130"}],"wp:attachment":[{"href":"https:\/\/radzynskirocznik.pl\/index.php?rest_route=%2Fwp%2Fv2%2Fmedia&parent=2033"}],"curies":[{"name":"wp","href":"https:\/\/api.w.org\/{rel}","templated":true}]}}

<p><strong>Scientific materials (reviewed) qualified for volume 18, 2020</strong></p>
<ol>
<li>Mateusz Pachucki: <em>Recruits from the Siemień commune in the Russian army during the First World War (1914-1918).</em></li>
<li>Marek M. Kamiński, Ernest Szum: <em>Prometheism of Janosik Podlaski in the accounts of friends. Sources for the biography of Józef Korycki.</em></li>
<li>Damian Sitkiewicz: <em>Documents related to the Union of Armed Struggle – Home Army Radzyń Podlaski District in the collection of Zygmunt Mańkowski and Ireneusz Caban.</em></li>
<li>Eugeniusz Wilkowski: <em>Underground structures of the “Solidarity” farmers’ union in the Lublin region (Poland) in 1982–1989.</em></li>
<li>Dariusz Magier: <em>The attitude of militia force from Radzyń Podlaski poviat towards communism and the Soviet Union in early 1946</em>.</li>
<li>Tomasz Sajecki: <em>Zawada near Tarnow – great stronghold from the early Middle Ages</em>.</li>
<li>Paweł Orłowski: <em>Everyday obstacles approached by the inhabitants of the Biała Podlaska Voivodeship in the first years after its establishment (1975-1976) reflected in letters and complaints addressed to the PZPR’s Voi-vodeship Committee in Biała Podlaska</em>.</li>
</ol>

<p>Scientific materials (reviewed) qualified for volume 18, 2020 Mateusz Pachucki: Recruits from the Siemień commune in the Russian army during the First World War (1914-1918). Marek M. Kamiński, Ernest Szum: Prometheism of Janosik Podlaski in the accounts of friends. Sources for the biography of Józef Korycki. Damian Sitkiewicz: Documents related to the Union of Armed [&hellip;]</p>

<!-- This site is optimized with the Yoast SEO plugin v26.6 - https://yoast.com/wordpress/plugins/seo/ -->
<title>Filling level of the next volume - Radzyński Rocznik Humanistyczny</title>
<meta name="robots" content="index, follow, max-snippet:-1, max-image-preview:large, max-video-preview:-1" />
<link rel="canonical" href="https://radzynskirocznik.pl/?page_id=2033&lang=en" />
<meta property="og:locale" content="pl_PL" />
<meta property="og:type" content="article" />
<meta property="og:title" content="Filling level of the next volume - Radzyński Rocznik Humanistyczny" />
<meta property="og:description" content="Scientific materials (reviewed) qualified for volume 18, 2020 Mateusz Pachucki: Recruits from the Siemień commune in the Russian army during the First World War (1914-1918). Marek M. Kamiński, Ernest Szum: Prometheism of Janosik Podlaski in the accounts of friends. Sources for the biography of Józef Korycki. Damian Sitkiewicz: Documents related to the Union of Armed [&hellip;]" />
<meta property="og:url" content="https://radzynskirocznik.pl/?page_id=2033&amp;lang=en" />
<meta property="og:site_name" content="Radzyński Rocznik Humanistyczny" />
<meta property="article:publisher" content="https://www.facebook.com/inbrosz" />
<meta property="article:modified_time" content="2020-07-19T09:35:32+00:00" />
<meta name="twitter:card" content="summary_large_image" />
<meta name="twitter:label1" content="Szacowany czas czytania" />
	<meta name="twitter:data1" content="1 minuta" />
<script type="application/ld+json" class="yoast-schema-graph">{"@context":"https://schema.org","@graph":[{"@type":"WebPage","@id":"https://radzynskirocznik.pl/?page_id=2033&lang=en","url":"https://radzynskirocznik.pl/?page_id=2033&lang=en","name":"Filling level of the next volume - Radzyński Rocznik Humanistyczny","isPartOf":{"@id":"https://radzynskirocznik.pl/#website"},"datePublished":"2020-05-21T12:18:52+00:00","dateModified":"2020-07-19T09:35:32+00:00","breadcrumb":{"@id":"https://radzynskirocznik.pl/?page_id=2033&lang=en#breadcrumb"},"inLanguage":"pl-PL","potentialAction":[{"@type":"ReadAction","target":["https://radzynskirocznik.pl/?page_id=2033&lang=en"]}]},{"@type":"BreadcrumbList","@id":"https://radzynskirocznik.pl/?page_id=2033&lang=en#breadcrumb","itemListElement":[{"@type":"ListItem","position":1,"name":"Strona główna","item":"https://radzynskirocznik.pl/?lang=en"},{"@type":"ListItem","position":2,"name":"Filling level of the next volume"}]},{"@type":"WebSite","@id":"https://radzynskirocznik.pl/#website","url":"https://radzynskirocznik.pl/","name":"Radzyński Rocznik Humanistyczny","description":"","publisher":{"@id":"https://radzynskirocznik.pl/#organization"},"potentialAction":[{"@type":"SearchAction","target":{"@type":"EntryPoint","urlTemplate":"https://radzynskirocznik.pl/?s={search_term_string}"},"query-input":{"@type":"PropertyValueSpecification","valueRequired":true,"valueName":"search_term_string"}}],"inLanguage":"pl-PL"},{"@type":"Organization","@id":"https://radzynskirocznik.pl/#organization","name":"Instytut Bronisława Szlubowskiego","url":"https://radzynskirocznik.pl/","logo":{"@type":"ImageObject","inLanguage":"pl-PL","@id":"https://radzynskirocznik.pl/#/schema/logo/image/","url":"http://radzynskirocznik.pl/wp-content/uploads/2020/12/logo-pion.jpg","contentUrl":"http://radzynskirocznik.pl/wp-content/uploads/2020/12/logo-pion.jpg","width":1393,"height":727,"caption":"Instytut Bronisława Szlubowskiego"},"image":{"@id":"https://radzynskirocznik.pl/#/schema/logo/image/"},"sameAs":["https://www.facebook.com/inbrosz"]}]}</script>
<!-- / Yoast SEO plugin. -->

Filling level of the next volume - Radzyński Rocznik Humanistyczny

Scientific materials (reviewed) qualified for volume 18, 2020 Mateusz Pachucki: Recruits from the Siemień commune in the Russian army during the First World War (1914-1918). Marek M. Kamiński, Ernest Szum: Prometheism of Janosik Podlaski in the accounts of friends. Sources for the biography of Józef Korycki. Damian Sitkiewicz: Documents related to the Union of Armed [&hellip;]

Radzyński Rocznik Humanistyczny

Strona główna

Instytut Bronisława Szlubowskiego
