{"id":1121,"date":"2020-03-14T11:03:46","date_gmt":"2020-03-14T11:03:46","guid":{"rendered":"http:\/\/radzynskirocznik.pl\/?page_id=1121"},"modified":"2020-03-14T11:03:46","modified_gmt":"2020-03-14T11:03:46","slug":"k%d0%be%d0%bd%d1%82%d0%b0%d0%ba%d1%82","status":"publish","type":"page","link":"https:\/\/radzynskirocznik.pl\/?page_id=1121&lang=ru","title":{"rendered":"K\u043e\u043d\u0442\u0430\u043a\u0442"},"content":{"rendered":"<p><img loading=\"lazy\" decoding=\"async\" class=\"size-full wp-image-91 aligncenter\" src=\"http:\/\/radzynskirocznik.pl\/wp-content\/uploads\/2017\/02\/rrh_turek.jpg\" alt=\"\" width=\"99\" height=\"102\" \/><\/p>\n<p style=\"text-align: center;\"><strong>Radzy\u0144ski Rocznik Humanistyczny<\/strong><\/p>\n<p style=\"text-align: center;\"><strong>ul. Wisznicka 63<\/strong><br \/>\n<strong>21-300 Radzy\u0144 Podlaski<\/strong><\/p>\n<p style=\"text-align: center;\"><strong>e-mail:\u00a0<a href=\"mailto:sitnon@vp.pl\">sitnon@vp.pl<\/a>\u00a0(\u0441\u0435\u043a\u0440\u0435\u0442\u0430\u0440\u044c \u0440\u0435\u0434\u0430\u043a\u0446\u0438\u0438)<\/strong><br \/>\n<strong>\u00a0 \u00a0 \u00a0 \u00a0 \u00a0 \u00a0 \u00a0 \u00a0 \u00a0 \u00a0 \u00a0 \u00a0 \u00a0 \u00a0 \u00a0 \u00a0 \u00a0<a href=\"mailto:rrh@radzynskirocznik.pl\">rrh@radzynskirocznik.pl<\/a>\u00a0(\u0440\u0435\u0434\u0430\u043a\u0446\u0438\u044f)<\/strong><\/p>\n","protected":false},"excerpt":{"rendered":"<p>Radzy\u0144ski Rocznik Humanistyczny ul. Wisznicka 63 21-300 Radzy\u0144 Podlaski e-mail:\u00a0sitnon@vp.pl\u00a0(\u0441\u0435\u043a\u0440\u0435\u0442\u0430\u0440\u044c \u0440\u0435\u0434\u0430\u043a\u0446\u0438\u0438) \u00a0 \u00a0 \u00a0 \u00a0 \u00a0 \u00a0 \u00a0 \u00a0 \u00a0 \u00a0 \u00a0 \u00a0 \u00a0 \u00a0 \u00a0 \u00a0 \u00a0rrh@radzynskirocznik.pl\u00a0(\u0440\u0435\u0434\u0430\u043a\u0446\u0438\u044f)<\/p>\n","protected":false},"author":3,"featured_media":0,"parent":0,"menu_order":0,"comment_status":"closed","ping_status":"closed","template":"","meta":{"footnotes":""},"class_list":["post-1121","page","type-page","status-publish","hentry"],"yoast_head":"<!-- This site is optimized with the Yoast SEO plugin v26.6 - https:\/\/yoast.com\/wordpress\/plugins\/seo\/ -->\n<title>K\u043e\u043d\u0442\u0430\u043a\u0442 - Radzy\u0144ski Rocznik Humanistyczny<\/title>\n<meta name=\"robots\" content=\"index, follow, max-snippet:-1, max-image-preview:large, max-video-preview:-1\" \/>\n<link rel=\"canonical\" href=\"https:\/\/radzynskirocznik.pl\/?page_id=1121&lang=ru\" \/>\n<meta property=\"og:locale\" content=\"pl_PL\" \/>\n<meta property=\"og:type\" content=\"article\" \/>\n<meta property=\"og:title\" content=\"K\u043e\u043d\u0442\u0430\u043a\u0442 - Radzy\u0144ski Rocznik Humanistyczny\" \/>\n<meta property=\"og:description\" content=\"Radzy\u0144ski Rocznik Humanistyczny ul. Wisznicka 63 21-300 Radzy\u0144 Podlaski e-mail:\u00a0sitnon@vp.pl\u00a0(\u0441\u0435\u043a\u0440\u0435\u0442\u0430\u0440\u044c \u0440\u0435\u0434\u0430\u043a\u0446\u0438\u0438) \u00a0 \u00a0 \u00a0 \u00a0 \u00a0 \u00a0 \u00a0 \u00a0 \u00a0 \u00a0 \u00a0 \u00a0 \u00a0 \u00a0 \u00a0 \u00a0 \u00a0rrh@radzynskirocznik.pl\u00a0(\u0440\u0435\u0434\u0430\u043a\u0446\u0438\u044f)\" \/>\n<meta property=\"og:url\" content=\"https:\/\/radzynskirocznik.pl\/?page_id=1121&amp;lang=ru\" \/>\n<meta property=\"og:site_name\" content=\"Radzy\u0144ski Rocznik Humanistyczny\" \/>\n<meta property=\"article:publisher\" content=\"https:\/\/www.facebook.com\/inbrosz\" \/>\n<meta property=\"og:image\" content=\"http:\/\/radzynskirocznik.pl\/wp-content\/uploads\/2017\/02\/rrh_turek.jpg\" \/>\n<meta name=\"twitter:card\" content=\"summary_large_image\" \/>\n<script type=\"application\/ld+json\" class=\"yoast-schema-graph\">{\"@context\":\"https:\/\/schema.org\",\"@graph\":[{\"@type\":\"WebPage\",\"@id\":\"https:\/\/radzynskirocznik.pl\/?page_id=1121&lang=ru\",\"url\":\"https:\/\/radzynskirocznik.pl\/?page_id=1121&lang=ru\",\"name\":\"K\u043e\u043d\u0442\u0430\u043a\u0442 - Radzy\u0144ski Rocznik Humanistyczny\",\"isPartOf\":{\"@id\":\"https:\/\/radzynskirocznik.pl\/#website\"},\"primaryImageOfPage\":{\"@id\":\"https:\/\/radzynskirocznik.pl\/?page_id=1121&lang=ru#primaryimage\"},\"image\":{\"@id\":\"https:\/\/radzynskirocznik.pl\/?page_id=1121&lang=ru#primaryimage\"},\"thumbnailUrl\":\"http:\/\/radzynskirocznik.pl\/wp-content\/uploads\/2017\/02\/rrh_turek.jpg\",\"datePublished\":\"2020-03-14T11:03:46+00:00\",\"breadcrumb\":{\"@id\":\"https:\/\/radzynskirocznik.pl\/?page_id=1121&lang=ru#breadcrumb\"},\"inLanguage\":\"pl-PL\",\"potentialAction\":[{\"@type\":\"ReadAction\",\"target\":[\"https:\/\/radzynskirocznik.pl\/?page_id=1121&lang=ru\"]}]},{\"@type\":\"ImageObject\",\"inLanguage\":\"pl-PL\",\"@id\":\"https:\/\/radzynskirocznik.pl\/?page_id=1121&lang=ru#primaryimage\",\"url\":\"https:\/\/radzynskirocznik.pl\/wp-content\/uploads\/2017\/02\/rrh_turek.jpg\",\"contentUrl\":\"https:\/\/radzynskirocznik.pl\/wp-content\/uploads\/2017\/02\/rrh_turek.jpg\",\"width\":99,\"height\":102},{\"@type\":\"BreadcrumbList\",\"@id\":\"https:\/\/radzynskirocznik.pl\/?page_id=1121&lang=ru#breadcrumb\",\"itemListElement\":[{\"@type\":\"ListItem\",\"position\":1,\"name\":\"Strona g\u0142\u00f3wna\",\"item\":\"https:\/\/radzynskirocznik.pl\/?lang=en\"},{\"@type\":\"ListItem\",\"position\":2,\"name\":\"K\u043e\u043d\u0442\u0430\u043a\u0442\"}]},{\"@type\":\"WebSite\",\"@id\":\"https:\/\/radzynskirocznik.pl\/#website\",\"url\":\"https:\/\/radzynskirocznik.pl\/\",\"name\":\"Radzy\u0144ski Rocznik Humanistyczny\",\"description\":\"\",\"publisher\":{\"@id\":\"https:\/\/radzynskirocznik.pl\/#organization\"},\"potentialAction\":[{\"@type\":\"SearchAction\",\"target\":{\"@type\":\"EntryPoint\",\"urlTemplate\":\"https:\/\/radzynskirocznik.pl\/?s={search_term_string}\"},\"query-input\":{\"@type\":\"PropertyValueSpecification\",\"valueRequired\":true,\"valueName\":\"search_term_string\"}}],\"inLanguage\":\"pl-PL\"},{\"@type\":\"Organization\",\"@id\":\"https:\/\/radzynskirocznik.pl\/#organization\",\"name\":\"Instytut Bronis\u0142awa Szlubowskiego\",\"url\":\"https:\/\/radzynskirocznik.pl\/\",\"logo\":{\"@type\":\"ImageObject\",\"inLanguage\":\"pl-PL\",\"@id\":\"https:\/\/radzynskirocznik.pl\/#\/schema\/logo\/image\/\",\"url\":\"http:\/\/radzynskirocznik.pl\/wp-content\/uploads\/2020\/12\/logo-pion.jpg\",\"contentUrl\":\"http:\/\/radzynskirocznik.pl\/wp-content\/uploads\/2020\/12\/logo-pion.jpg\",\"width\":1393,\"height\":727,\"caption\":\"Instytut Bronis\u0142awa Szlubowskiego\"},\"image\":{\"@id\":\"https:\/\/radzynskirocznik.pl\/#\/schema\/logo\/image\/\"},\"sameAs\":[\"https:\/\/www.facebook.com\/inbrosz\"]}]}<\/script>\n<!-- \/ Yoast SEO plugin. -->","yoast_head_json":{"title":"K\u043e\u043d\u0442\u0430\u043a\u0442 - Radzy\u0144ski Rocznik Humanistyczny","robots":{"index":"index","follow":"follow","max-snippet":"max-snippet:-1","max-image-preview":"max-image-preview:large","max-video-preview":"max-video-preview:-1"},"canonical":"https:\/\/radzynskirocznik.pl\/?page_id=1121&lang=ru","og_locale":"pl_PL","og_type":"article","og_title":"K\u043e\u043d\u0442\u0430\u043a\u0442 - Radzy\u0144ski Rocznik Humanistyczny","og_description":"Radzy\u0144ski Rocznik Humanistyczny ul. Wisznicka 63 21-300 Radzy\u0144 Podlaski e-mail:\u00a0sitnon@vp.pl\u00a0(\u0441\u0435\u043a\u0440\u0435\u0442\u0430\u0440\u044c \u0440\u0435\u0434\u0430\u043a\u0446\u0438\u0438) \u00a0 \u00a0 \u00a0 \u00a0 \u00a0 \u00a0 \u00a0 \u00a0 \u00a0 \u00a0 \u00a0 \u00a0 \u00a0 \u00a0 \u00a0 \u00a0 \u00a0rrh@radzynskirocznik.pl\u00a0(\u0440\u0435\u0434\u0430\u043a\u0446\u0438\u044f)","og_url":"https:\/\/radzynskirocznik.pl\/?page_id=1121&lang=ru","og_site_name":"Radzy\u0144ski Rocznik Humanistyczny","article_publisher":"https:\/\/www.facebook.com\/inbrosz","og_image":[{"url":"http:\/\/radzynskirocznik.pl\/wp-content\/uploads\/2017\/02\/rrh_turek.jpg","type":"","width":"","height":""}],"twitter_card":"summary_large_image","schema":{"@context":"https:\/\/schema.org","@graph":[{"@type":"WebPage","@id":"https:\/\/radzynskirocznik.pl\/?page_id=1121&lang=ru","url":"https:\/\/radzynskirocznik.pl\/?page_id=1121&lang=ru","name":"K\u043e\u043d\u0442\u0430\u043a\u0442 - Radzy\u0144ski Rocznik Humanistyczny","isPartOf":{"@id":"https:\/\/radzynskirocznik.pl\/#website"},"primaryImageOfPage":{"@id":"https:\/\/radzynskirocznik.pl\/?page_id=1121&lang=ru#primaryimage"},"image":{"@id":"https:\/\/radzynskirocznik.pl\/?page_id=1121&lang=ru#primaryimage"},"thumbnailUrl":"http:\/\/radzynskirocznik.pl\/wp-content\/uploads\/2017\/02\/rrh_turek.jpg","datePublished":"2020-03-14T11:03:46+00:00","breadcrumb":{"@id":"https:\/\/radzynskirocznik.pl\/?page_id=1121&lang=ru#breadcrumb"},"inLanguage":"pl-PL","potentialAction":[{"@type":"ReadAction","target":["https:\/\/radzynskirocznik.pl\/?page_id=1121&lang=ru"]}]},{"@type":"ImageObject","inLanguage":"pl-PL","@id":"https:\/\/radzynskirocznik.pl\/?page_id=1121&lang=ru#primaryimage","url":"https:\/\/radzynskirocznik.pl\/wp-content\/uploads\/2017\/02\/rrh_turek.jpg","contentUrl":"https:\/\/radzynskirocznik.pl\/wp-content\/uploads\/2017\/02\/rrh_turek.jpg","width":99,"height":102},{"@type":"BreadcrumbList","@id":"https:\/\/radzynskirocznik.pl\/?page_id=1121&lang=ru#breadcrumb","itemListElement":[{"@type":"ListItem","position":1,"name":"Strona g\u0142\u00f3wna","item":"https:\/\/radzynskirocznik.pl\/?lang=en"},{"@type":"ListItem","position":2,"name":"K\u043e\u043d\u0442\u0430\u043a\u0442"}]},{"@type":"WebSite","@id":"https:\/\/radzynskirocznik.pl\/#website","url":"https:\/\/radzynskirocznik.pl\/","name":"Radzy\u0144ski Rocznik Humanistyczny","description":"","publisher":{"@id":"https:\/\/radzynskirocznik.pl\/#organization"},"potentialAction":[{"@type":"SearchAction","target":{"@type":"EntryPoint","urlTemplate":"https:\/\/radzynskirocznik.pl\/?s={search_term_string}"},"query-input":{"@type":"PropertyValueSpecification","valueRequired":true,"valueName":"search_term_string"}}],"inLanguage":"pl-PL"},{"@type":"Organization","@id":"https:\/\/radzynskirocznik.pl\/#organization","name":"Instytut Bronis\u0142awa Szlubowskiego","url":"https:\/\/radzynskirocznik.pl\/","logo":{"@type":"ImageObject","inLanguage":"pl-PL","@id":"https:\/\/radzynskirocznik.pl\/#\/schema\/logo\/image\/","url":"http:\/\/radzynskirocznik.pl\/wp-content\/uploads\/2020\/12\/logo-pion.jpg","contentUrl":"http:\/\/radzynskirocznik.pl\/wp-content\/uploads\/2020\/12\/logo-pion.jpg","width":1393,"height":727,"caption":"Instytut Bronis\u0142awa Szlubowskiego"},"image":{"@id":"https:\/\/radzynskirocznik.pl\/#\/schema\/logo\/image\/"},"sameAs":["https:\/\/www.facebook.com\/inbrosz"]}]}},"_links":{"self":[{"href":"https:\/\/radzynskirocznik.pl\/index.php?rest_route=\/wp\/v2\/pages\/1121","targetHints":{"allow":["GET"]}}],"collection":[{"href":"https:\/\/radzynskirocznik.pl\/index.php?rest_route=\/wp\/v2\/pages"}],"about":[{"href":"https:\/\/radzynskirocznik.pl\/index.php?rest_route=\/wp\/v2\/types\/page"}],"author":[{"embeddable":true,"href":"https:\/\/radzynskirocznik.pl\/index.php?rest_route=\/wp\/v2\/users\/3"}],"replies":[{"embeddable":true,"href":"https:\/\/radzynskirocznik.pl\/index.php?rest_route=%2Fwp%2Fv2%2Fcomments&post=1121"}],"version-history":[{"count":1,"href":"https:\/\/radzynskirocznik.pl\/index.php?rest_route=\/wp\/v2\/pages\/1121\/revisions"}],"predecessor-version":[{"id":1122,"href":"https:\/\/radzynskirocznik.pl\/index.php?rest_route=\/wp\/v2\/pages\/1121\/revisions\/1122"}],"wp:attachment":[{"href":"https:\/\/radzynskirocznik.pl\/index.php?rest_route=%2Fwp%2Fv2%2Fmedia&parent=1121"}],"curies":[{"name":"wp","href":"https:\/\/api.w.org\/{rel}","templated":true}]}}

Kонтакт

<p><img loading="lazy" decoding="async" class="size-full wp-image-91 aligncenter" src="http://radzynskirocznik.pl/wp-content/uploads/2017/02/rrh_turek.jpg" alt="" width="99" height="102" /></p>
<p style="text-align: center;"><strong>Radzyński Rocznik Humanistyczny</strong></p>
<p style="text-align: center;"><strong>ul. Wisznicka 63</strong><br />
<strong>21-300 Radzyń Podlaski</strong></p>
<p style="text-align: center;"><strong>e-mail: <a href="mailto:sitnon@vp.pl">sitnon@vp.pl</a> (секретарь редакции)</strong><br />
<strong>                                 <a href="mailto:rrh@radzynskirocznik.pl">rrh@radzynskirocznik.pl</a> (редакция)</strong></p>

<p>Radzyński Rocznik Humanistyczny ul. Wisznicka 63 21-300 Radzyń Podlaski e-mail: sitnon@vp.pl (секретарь редакции)                                  rrh@radzynskirocznik.pl (редакция)</p>

<!-- This site is optimized with the Yoast SEO plugin v26.6 - https://yoast.com/wordpress/plugins/seo/ -->
<title>Kонтакт - Radzyński Rocznik Humanistyczny</title>
<meta name="robots" content="index, follow, max-snippet:-1, max-image-preview:large, max-video-preview:-1" />
<link rel="canonical" href="https://radzynskirocznik.pl/?page_id=1121&lang=ru" />
<meta property="og:locale" content="pl_PL" />
<meta property="og:type" content="article" />
<meta property="og:title" content="Kонтакт - Radzyński Rocznik Humanistyczny" />
<meta property="og:description" content="Radzyński Rocznik Humanistyczny ul. Wisznicka 63 21-300 Radzyń Podlaski e-mail: sitnon@vp.pl (секретарь редакции)                                  rrh@radzynskirocznik.pl (редакция)" />
<meta property="og:url" content="https://radzynskirocznik.pl/?page_id=1121&amp;lang=ru" />
<meta property="og:site_name" content="Radzyński Rocznik Humanistyczny" />
<meta property="article:publisher" content="https://www.facebook.com/inbrosz" />
<meta property="og:image" content="http://radzynskirocznik.pl/wp-content/uploads/2017/02/rrh_turek.jpg" />
<meta name="twitter:card" content="summary_large_image" />
<script type="application/ld+json" class="yoast-schema-graph">{"@context":"https://schema.org","@graph":[{"@type":"WebPage","@id":"https://radzynskirocznik.pl/?page_id=1121&lang=ru","url":"https://radzynskirocznik.pl/?page_id=1121&lang=ru","name":"Kонтакт - Radzyński Rocznik Humanistyczny","isPartOf":{"@id":"https://radzynskirocznik.pl/#website"},"primaryImageOfPage":{"@id":"https://radzynskirocznik.pl/?page_id=1121&lang=ru#primaryimage"},"image":{"@id":"https://radzynskirocznik.pl/?page_id=1121&lang=ru#primaryimage"},"thumbnailUrl":"http://radzynskirocznik.pl/wp-content/uploads/2017/02/rrh_turek.jpg","datePublished":"2020-03-14T11:03:46+00:00","breadcrumb":{"@id":"https://radzynskirocznik.pl/?page_id=1121&lang=ru#breadcrumb"},"inLanguage":"pl-PL","potentialAction":[{"@type":"ReadAction","target":["https://radzynskirocznik.pl/?page_id=1121&lang=ru"]}]},{"@type":"ImageObject","inLanguage":"pl-PL","@id":"https://radzynskirocznik.pl/?page_id=1121&lang=ru#primaryimage","url":"https://radzynskirocznik.pl/wp-content/uploads/2017/02/rrh_turek.jpg","contentUrl":"https://radzynskirocznik.pl/wp-content/uploads/2017/02/rrh_turek.jpg","width":99,"height":102},{"@type":"BreadcrumbList","@id":"https://radzynskirocznik.pl/?page_id=1121&lang=ru#breadcrumb","itemListElement":[{"@type":"ListItem","position":1,"name":"Strona główna","item":"https://radzynskirocznik.pl/?lang=en"},{"@type":"ListItem","position":2,"name":"Kонтакт"}]},{"@type":"WebSite","@id":"https://radzynskirocznik.pl/#website","url":"https://radzynskirocznik.pl/","name":"Radzyński Rocznik Humanistyczny","description":"","publisher":{"@id":"https://radzynskirocznik.pl/#organization"},"potentialAction":[{"@type":"SearchAction","target":{"@type":"EntryPoint","urlTemplate":"https://radzynskirocznik.pl/?s={search_term_string}"},"query-input":{"@type":"PropertyValueSpecification","valueRequired":true,"valueName":"search_term_string"}}],"inLanguage":"pl-PL"},{"@type":"Organization","@id":"https://radzynskirocznik.pl/#organization","name":"Instytut Bronisława Szlubowskiego","url":"https://radzynskirocznik.pl/","logo":{"@type":"ImageObject","inLanguage":"pl-PL","@id":"https://radzynskirocznik.pl/#/schema/logo/image/","url":"http://radzynskirocznik.pl/wp-content/uploads/2020/12/logo-pion.jpg","contentUrl":"http://radzynskirocznik.pl/wp-content/uploads/2020/12/logo-pion.jpg","width":1393,"height":727,"caption":"Instytut Bronisława Szlubowskiego"},"image":{"@id":"https://radzynskirocznik.pl/#/schema/logo/image/"},"sameAs":["https://www.facebook.com/inbrosz"]}]}</script>
<!-- / Yoast SEO plugin. -->

Kонтакт - Radzyński Rocznik Humanistyczny

Radzyński Rocznik Humanistyczny ul. Wisznicka 63 21-300 Radzyń Podlaski e-mail: sitnon@vp.pl (секретарь редакции)                                  rrh@radzynskirocznik.pl (редакция)

Radzyński Rocznik Humanistyczny

Strona główna

Instytut Bronisława Szlubowskiego
